Last updated on 2024-04-19 01:58:38 CEST.
Flavor | Version | Tinstall | Tcheck | Ttotal | Status | Flags |
---|---|---|---|---|---|---|
r-devel-linux-x86_64-debian-clang | 0.4.4 | 15.98 | 132.66 | 148.64 | NOTE | |
r-devel-linux-x86_64-debian-gcc | 0.4.4 | 12.78 | 97.74 | 110.52 | NOTE | |
r-devel-linux-x86_64-fedora-clang | 0.4.4 | 188.24 | NOTE | |||
r-devel-linux-x86_64-fedora-gcc | 0.4.4 | 174.22 | NOTE | |||
r-prerel-macos-arm64 | 0.4.4 | 48.00 | NOTE | |||
r-prerel-windows-x86_64 | 0.4.4 | 15.00 | 103.00 | 118.00 | NOTE | |
r-patched-linux-x86_64 | 0.4.4 | 13.15 | 127.35 | 140.50 | NOTE | |
r-release-linux-x86_64 | 0.4.4 | 12.29 | 128.73 | 141.02 | NOTE | |
r-release-macos-arm64 | 0.4.4 | 34.00 | NOTE | |||
r-release-macos-x86_64 | 0.4.4 | 60.00 | NOTE | |||
r-release-windows-x86_64 | 0.4.4 | 19.00 | 130.00 | 149.00 | NOTE | |
r-oldrel-macos-arm64 | 0.4.4 | 32.00 | NOTE | |||
r-oldrel-windows-x86_64 | 0.4.4 | 19.00 | 133.00 | 152.00 | NOTE |
Version: 0.4.4
Check: LazyData
Result: NOTE
'LazyData' is specified without a 'data' directory
Flavors: r-devel-linux-x86_64-debian-clang, r-devel-linux-x86_64-debian-gcc, r-devel-linux-x86_64-fedora-clang, r-devel-linux-x86_64-fedora-gcc, r-prerel-macos-arm64, r-prerel-windows-x86_64, r-patched-linux-x86_64, r-release-linux-x86_64, r-release-macos-arm64, r-release-macos-x86_64, r-release-windows-x86_64, r-oldrel-macos-arm64, r-oldrel-windows-x86_64