CRAN Package Check Results for Package ConsReg

Last updated on 2022-06-30 01:49:06 CEST.

Flavor Version Tinstall Tcheck Ttotal Status Flags
r-devel-linux-x86_64-debian-clang 0.1.0 6.04 54.90 60.94 OK
r-devel-linux-x86_64-debian-gcc 0.1.0 4.73 41.07 45.80 OK
r-devel-linux-x86_64-fedora-clang 0.1.0 85.11 NOTE
r-devel-linux-x86_64-fedora-gcc 0.1.0 87.16 NOTE
r-devel-windows-x86_64 0.1.0 22.00 88.00 110.00 OK
r-patched-linux-x86_64 0.1.0 5.35 53.25 58.60 OK
r-release-linux-x86_64 0.1.0 4.07 53.46 57.53 OK
r-release-macos-arm64 0.1.0 29.00 OK
r-release-macos-x86_64 0.1.0 44.00 OK
r-release-windows-x86_64 0.1.0 22.00 90.00 112.00 OK
r-oldrel-macos-arm64 0.1.0 35.00 OK
r-oldrel-macos-x86_64 0.1.0 53.00 OK
r-oldrel-windows-ix86+x86_64 0.1.0 15.00 107.00 122.00 OK

Check Details

Version: 0.1.0
Check: compiled code
Result: NOTE
    File ‘ConsReg/libs/ConsReg.so’:
     Found no calls to: ‘R_registerRoutines’, ‘R_useDynamicSymbols’
    
    It is good practice to register native routines and to disable symbol
    search.
    
    See ‘Writing portable packages’ in the ‘Writing R Extensions’ manual.
Flavors: r-devel-linux-x86_64-fedora-clang, r-devel-linux-x86_64-fedora-gcc