Last updated on 2024-04-20 01:49:52 CEST.
Flavor | Version | Tinstall | Tcheck | Ttotal | Status | Flags |
---|---|---|---|---|---|---|
r-devel-linux-x86_64-debian-clang | 0.1.1 | 2.70 | 154.78 | 157.48 | NOTE | |
r-devel-linux-x86_64-debian-gcc | 0.1.1 | NOTE | ||||
r-devel-linux-x86_64-fedora-clang | 0.1.1 | 193.50 | NOTE | |||
r-devel-linux-x86_64-fedora-gcc | 0.1.1 | 173.24 | NOTE | |||
r-prerel-macos-arm64 | 0.1.1 | 50.00 | NOTE | |||
r-prerel-windows-x86_64 | 0.1.1 | 3.00 | 112.00 | 115.00 | NOTE | |
r-patched-linux-x86_64 | 0.1.1 | 2.73 | 145.80 | 148.53 | NOTE | |
r-release-linux-x86_64 | 0.1.1 | 3.38 | 141.64 | 145.02 | OK | |
r-release-macos-arm64 | 0.1.1 | 54.00 | OK | |||
r-release-macos-x86_64 | 0.1.1 | 90.00 | OK | |||
r-release-windows-x86_64 | 0.1.1 | 4.00 | 138.00 | 142.00 | OK | |
r-oldrel-macos-arm64 | 0.1.1 | 56.00 | OK | |||
r-oldrel-windows-x86_64 | 0.1.1 | 4.00 | 135.00 | 139.00 | OK |
Version: 0.1.1
Check: Rd files
Result: NOTE
checkRd: (-1) cf_grid.Rd:38: Lost braces; missing escapes or markup?
38 | heat.colors, terrain.colors, topo.colors, and function(x) {gray((1:x)/x)}.}
| ^
checkRd: (-1) cf_highdim.Rd:58: Lost braces; missing escapes or markup?
58 | heat.colors, terrain.colors, topo.colors, and function(x) {gray((1:x)/x)}.}
| ^
checkRd: (-1) gcf_grid.Rd:51: Lost braces; missing escapes or markup?
51 | heat.colors, terrain.colors, topo.colors, and function(x) {gray((1:x)/x)}.}
| ^
Flavors: r-devel-linux-x86_64-debian-clang, r-devel-linux-x86_64-debian-gcc, r-devel-linux-x86_64-fedora-clang, r-devel-linux-x86_64-fedora-gcc, r-prerel-macos-arm64, r-prerel-windows-x86_64, r-patched-linux-x86_64