CRAN Package Check Results for Package CorrBin

Last updated on 2022-07-04 02:53:28 CEST.

Flavor Version Tinstall Tcheck Ttotal Status Flags
r-devel-linux-x86_64-debian-clang 1.6 8.81 124.80 133.61 NOTE
r-devel-linux-x86_64-debian-gcc 1.6 7.45 102.59 110.04 NOTE
r-devel-linux-x86_64-fedora-clang 1.6 176.15 NOTE
r-devel-linux-x86_64-fedora-gcc 1.6 182.59 NOTE
r-devel-windows-x86_64 1.6 25.00 214.00 239.00 NOTE
r-patched-linux-x86_64 1.6 8.74 131.44 140.18 OK
r-release-linux-x86_64 1.6 5.40 129.73 135.13 OK
r-release-macos-arm64 1.6 62.00 OK
r-release-macos-x86_64 1.6 134.00 OK
r-release-windows-x86_64 1.6 23.00 216.00 239.00 OK
r-oldrel-macos-arm64 1.6 71.00 OK
r-oldrel-macos-x86_64 1.6 113.00 OK
r-oldrel-windows-ix86+x86_64 1.6 28.00 250.00 278.00 OK

Check Details

Version: 1.6
Check: Rd files
Result: NOTE
    checkRd: (-1) egde.Rd:26: Escaped LaTeX specials: \&
Flavors: r-devel-linux-x86_64-debian-clang, r-devel-linux-x86_64-debian-gcc, r-devel-linux-x86_64-fedora-clang, r-devel-linux-x86_64-fedora-gcc, r-devel-windows-x86_64