CRAN Package Check Results for Package Correlplot

Last updated on 2025-07-20 01:49:25 CEST.

Flavor Version Tinstall Tcheck Ttotal Status Flags
r-devel-linux-x86_64-debian-clang 1.1.0 6.29 84.21 90.50 NOTE
r-devel-linux-x86_64-debian-gcc 1.1.0 4.02 62.92 66.94 NOTE
r-devel-linux-x86_64-fedora-clang 1.1.0 134.72 OK
r-devel-linux-x86_64-fedora-gcc 1.1.0 141.26 OK
r-devel-windows-x86_64 1.1.0 9.00 98.00 107.00 NOTE
r-patched-linux-x86_64 1.1.0 7.15 79.03 86.18 NOTE
r-release-linux-x86_64 1.1.0 6.24 78.90 85.14 NOTE
r-release-macos-arm64 1.1.0 49.00 OK
r-release-macos-x86_64 1.1.0 90.00 OK
r-release-windows-x86_64 1.1.0 8.00 94.00 102.00 NOTE
r-oldrel-macos-arm64 1.1.0 42.00 OK
r-oldrel-macos-x86_64 1.1.0 72.00 OK
r-oldrel-windows-x86_64 1.1.0 11.00 118.00 129.00 OK

Check Details

Version: 1.1.0
Check: Rd cross-references
Result: NOTE Found the following Rd file(s) with Rd \link{} targets missing package anchors: ggbplot.Rd: bplot tally.Rd: bplot, calibrate Please provide package anchors for all Rd \link{} targets not in the package itself and the base packages. Flavors: r-devel-linux-x86_64-debian-clang, r-devel-linux-x86_64-debian-gcc, r-devel-windows-x86_64, r-patched-linux-x86_64, r-release-linux-x86_64, r-release-windows-x86_64