Last updated on 2025-05-01 01:49:28 CEST.
Flavor | Version | Tinstall | Tcheck | Ttotal | Status | Flags |
---|---|---|---|---|---|---|
r-devel-linux-x86_64-debian-clang | 1.2.2 | 10.95 | 82.27 | 93.22 | NOTE | |
r-devel-linux-x86_64-debian-gcc | 1.2.2 | 7.36 | 60.59 | 67.95 | OK | |
r-devel-linux-x86_64-fedora-clang | 1.2.2 | 143.36 | OK | |||
r-devel-linux-x86_64-fedora-gcc | 1.2.2 | 139.19 | OK | |||
r-devel-windows-x86_64 | 1.2.2 | 11.00 | 91.00 | 102.00 | OK | |
r-patched-linux-x86_64 | 1.2.2 | 11.15 | 78.34 | 89.49 | OK | |
r-release-linux-x86_64 | 1.2.2 | 10.92 | 79.52 | 90.44 | OK | |
r-release-macos-arm64 | 1.2.2 | 43.00 | OK | |||
r-release-macos-x86_64 | 1.2.2 | 77.00 | OK | |||
r-release-windows-x86_64 | 1.2.2 | 12.00 | 94.00 | 106.00 | OK | |
r-oldrel-macos-arm64 | 1.2.2 | 47.00 | OK | |||
r-oldrel-macos-x86_64 | 1.2.2 | 102.00 | OK | |||
r-oldrel-windows-x86_64 | 1.2.2 | 14.00 | 114.00 | 128.00 | OK |
Version: 1.2.2
Check: examples
Result: NOTE
Examples with CPU (user + system) or elapsed time > 5s
user system elapsed
cov.sel 5.453 0.019 7.098
Flavor: r-devel-linux-x86_64-debian-clang