Last updated on 2024-04-23 01:56:56 CEST.
Flavor | Version | Tinstall | Tcheck | Ttotal | Status | Flags |
---|---|---|---|---|---|---|
r-devel-linux-x86_64-debian-clang | 0.5.4 | 86.37 | 108.58 | 194.95 | NOTE | |
r-devel-linux-x86_64-debian-gcc | 0.5.4 | 61.76 | 80.75 | 142.51 | NOTE | |
r-devel-linux-x86_64-fedora-clang | 0.5.4 | 260.86 | NOTE | |||
r-devel-linux-x86_64-fedora-gcc | 0.5.4 | 245.63 | NOTE | |||
r-prerel-macos-arm64 | 0.5.4 | 61.00 | NOTE | |||
r-prerel-windows-x86_64 | 0.5.4 | 58.00 | 121.00 | 179.00 | NOTE | |
r-patched-linux-x86_64 | 0.5.4 | 74.47 | 103.87 | 178.34 | NOTE | |
r-release-linux-x86_64 | 0.5.4 | 77.05 | 105.61 | 182.66 | NOTE | |
r-release-macos-arm64 | 0.5.4 | 66.00 | NOTE | |||
r-release-macos-x86_64 | 0.5.4 | 113.00 | NOTE | |||
r-release-windows-x86_64 | 0.5.4 | 79.00 | 149.00 | 228.00 | NOTE | |
r-oldrel-macos-arm64 | 0.5.4 | 61.00 | OK | |||
r-oldrel-windows-x86_64 | 0.5.4 | 83.00 | 142.00 | 225.00 | OK |
Version: 0.5.4
Check: C++ specification
Result: NOTE
Specified C++11: please drop specification unless essential
Flavors: r-devel-linux-x86_64-debian-clang, r-devel-linux-x86_64-debian-gcc, r-devel-linux-x86_64-fedora-clang, r-devel-linux-x86_64-fedora-gcc, r-prerel-macos-arm64, r-prerel-windows-x86_64, r-patched-linux-x86_64, r-release-linux-x86_64, r-release-macos-arm64, r-release-macos-x86_64, r-release-windows-x86_64