Last updated on 2024-04-18 01:55:10 CEST.
Flavor | Version | Tinstall | Tcheck | Ttotal | Status | Flags |
---|---|---|---|---|---|---|
r-devel-linux-x86_64-debian-clang | 0.4.2.1 | 16.85 | 57.48 | 74.33 | OK | |
r-devel-linux-x86_64-debian-gcc | 0.4.2.1 | 13.47 | 43.15 | 56.62 | OK | |
r-devel-linux-x86_64-fedora-clang | 0.4.2.1 | 91.23 | NOTE | |||
r-devel-linux-x86_64-fedora-gcc | 0.4.2.1 | 102.81 | OK | |||
r-prerel-macos-arm64 | 0.4.2.1 | 38.00 | OK | |||
r-prerel-windows-x86_64 | 0.4.2.1 | 28.00 | 83.00 | 111.00 | OK | |
r-patched-linux-x86_64 | 0.4.2.1 | 15.17 | 54.47 | 69.64 | OK | |
r-release-linux-x86_64 | 0.4.2.1 | 15.89 | 53.23 | 69.12 | OK | |
r-release-macos-arm64 | 0.4.2.1 | 41.00 | OK | |||
r-release-macos-x86_64 | 0.4.2.1 | 60.00 | OK | |||
r-release-windows-x86_64 | 0.4.2.1 | 29.00 | 76.00 | 105.00 | OK | |
r-oldrel-macos-arm64 | 0.4.2.1 | 33.00 | OK | |||
r-oldrel-windows-x86_64 | 0.4.2.1 | 30.00 | 81.00 | 111.00 | OK |
Version: 0.4.2.1
Check: Rd cross-references
Result: NOTE
Undeclared package ‘caret’ in Rd xrefs
Flavor: r-devel-linux-x86_64-fedora-clang