Last updated on 2025-10-03 02:51:19 CEST.
Flavor | Version | Tinstall | Tcheck | Ttotal | Status | Flags |
---|---|---|---|---|---|---|
r-devel-linux-x86_64-debian-clang | 0.0.1.2 | 1.50 | 19.58 | 21.08 | NOTE | |
r-devel-linux-x86_64-debian-gcc | 0.0.1.2 | 1.44 | 16.25 | 17.69 | NOTE | |
r-devel-linux-x86_64-fedora-clang | 0.0.1.2 | 30.81 | OK | |||
r-devel-linux-x86_64-fedora-gcc | 0.0.1.2 | 30.16 | OK | |||
r-devel-windows-x86_64 | 0.0.1.2 | 2.00 | 40.00 | 42.00 | OK | |
r-patched-linux-x86_64 | 0.0.1.2 | 1.72 | 18.67 | 20.39 | OK | |
r-release-linux-x86_64 | 0.0.1.2 | 1.60 | 18.37 | 19.97 | OK | |
r-release-macos-arm64 | 0.0.1.2 | 15.00 | OK | |||
r-release-macos-x86_64 | 0.0.1.2 | 23.00 | OK | |||
r-release-windows-x86_64 | 0.0.1.2 | 3.00 | 39.00 | 42.00 | OK | |
r-oldrel-macos-arm64 | 0.0.1.2 | 14.00 | OK | |||
r-oldrel-macos-x86_64 | 0.0.1.2 | 21.00 | OK | |||
r-oldrel-windows-x86_64 | 0.0.1.2 | 3.00 | 49.00 | 52.00 | OK |
Version: 0.0.1.2
Check: CRAN incoming feasibility
Result: NOTE
Maintainer: ‘Dorota Desaulle <dorota.desaulle@u-paris.fr>’
The Description field contains
<arXiv:2103.09872>).
Please refer to arXiv e-prints via their arXiv DOI <doi:10.48550/arXiv.YYMM.NNNNN>.
Flavors: r-devel-linux-x86_64-debian-clang, r-devel-linux-x86_64-debian-gcc