Last updated on 2024-05-02 01:56:56 CEST.
Flavor | Version | Tinstall | Tcheck | Ttotal | Status | Flags |
---|---|---|---|---|---|---|
r-devel-linux-x86_64-debian-clang | 1.0 | 3.28 | 24.88 | 28.16 | NOTE | |
r-devel-linux-x86_64-debian-gcc | 1.0 | 1.85 | 19.13 | 20.98 | NOTE | |
r-devel-linux-x86_64-fedora-clang | 1.0 | 35.39 | NOTE | |||
r-devel-linux-x86_64-fedora-gcc | 1.0 | 33.55 | NOTE | |||
r-devel-windows-x86_64 | 1.0 | 3.00 | 41.00 | 44.00 | NOTE | |
r-patched-linux-x86_64 | 1.0 | 3.23 | 24.05 | 27.28 | NOTE | |
r-release-linux-x86_64 | 1.0 | 3.16 | 24.16 | 27.32 | NOTE | |
r-release-macos-arm64 | 1.0 | 15.00 | NOTE | |||
r-release-windows-x86_64 | 1.0 | 5.00 | 42.00 | 47.00 | NOTE | |
r-oldrel-macos-arm64 | 1.0 | 17.00 | NOTE | |||
r-oldrel-macos-x86_64 | 1.0 | 20.00 | NOTE | |||
r-oldrel-windows-x86_64 | 1.0 | 3.00 | 39.00 | 42.00 | NOTE |
Version: 1.0
Check: Rd files
Result: NOTE
checkRd: (-1) scramb.Rd:44: Escaped LaTeX specials: \&
Flavors: r-devel-linux-x86_64-debian-clang, r-devel-linux-x86_64-debian-gcc, r-devel-linux-x86_64-fedora-clang, r-devel-linux-x86_64-fedora-gcc, r-devel-windows-x86_64, r-patched-linux-x86_64, r-release-linux-x86_64, r-release-macos-arm64, r-release-windows-x86_64, r-oldrel-macos-arm64, r-oldrel-macos-x86_64, r-oldrel-windows-x86_64