CRAN Package Check Results for Package DEoptimR

Last updated on 2022-09-26 01:52:43 CEST.

Flavor Version Tinstall Tcheck Ttotal Status Flags
r-devel-linux-x86_64-debian-clang 1.0-11 1.98 32.32 34.30 OK
r-devel-linux-x86_64-debian-gcc 1.0-11 1.73 24.07 25.80 OK
r-devel-linux-x86_64-fedora-clang 1.0-11 52.14 NOTE
r-devel-linux-x86_64-fedora-gcc 1.0-11 52.06 OK
r-devel-windows-x86_64 1.0-11 13.00 56.00 69.00 OK
r-patched-linux-x86_64 1.0-11 1.78 30.88 32.66 OK
r-release-linux-x86_64 1.0-11 2.05 30.54 32.59 OK
r-release-macos-arm64 1.0-11 17.00 OK
r-release-macos-x86_64 1.0-11 24.00 OK
r-release-windows-x86_64 1.0-11 5.00 53.00 58.00 OK
r-oldrel-macos-arm64 1.0-11 17.00 OK
r-oldrel-macos-x86_64 1.0-11 23.00 OK
r-oldrel-windows-ix86+x86_64 1.0-11 6.00 49.00 55.00 OK

Check Details

Version: 1.0-11
Check: Rd cross-references
Result: NOTE
    Undeclared package ‘DEoptim’ in Rd xrefs
Flavor: r-devel-linux-x86_64-fedora-clang