Last updated on 2025-05-09 01:50:02 CEST.
Flavor | Version | Tinstall | Tcheck | Ttotal | Status | Flags |
---|---|---|---|---|---|---|
r-devel-linux-x86_64-debian-clang | 0.5.7 | 61.59 | 80.55 | 142.14 | OK | |
r-devel-linux-x86_64-debian-gcc | 0.5.7 | 49.09 | 57.72 | 106.81 | OK | |
r-devel-linux-x86_64-fedora-clang | 0.5.7 | 275.55 | OK | |||
r-devel-linux-x86_64-fedora-gcc | 0.5.7 | 291.00 | OK | |||
r-devel-windows-x86_64 | 0.5.7 | 104.00 | 133.00 | 237.00 | OK | |
r-patched-linux-x86_64 | 0.5.7 | 60.76 | 75.76 | 136.52 | OK | |
r-release-linux-x86_64 | 0.5.7 | 68.90 | 76.51 | 145.41 | OK | |
r-release-macos-arm64 | 0.5.7 | 75.00 | OK | |||
r-release-macos-x86_64 | 0.5.7 | 129.00 | OK | |||
r-release-windows-x86_64 | 0.5.7 | 116.00 | 129.00 | 245.00 | OK | |
r-oldrel-macos-arm64 | 0.5.7 | 82.00 | NOTE | |||
r-oldrel-macos-x86_64 | 0.5.7 | 134.00 | NOTE | |||
r-oldrel-windows-x86_64 | 0.5.7 | 126.00 | 169.00 | 295.00 | OK |
Version: 0.5.7
Check: installed package size
Result: NOTE
installed size is 7.1Mb
sub-directories of 1Mb or more:
libs 6.6Mb
Flavors: r-oldrel-macos-arm64, r-oldrel-macos-x86_64