CRAN Package Check Results for Package DHARMa

Last updated on 2020-02-21 11:48:58 CET.

Flavor Version Tinstall Tcheck Ttotal Status Flags
r-devel-linux-x86_64-debian-clang 0.2.7 10.33 248.02 258.35 OK
r-devel-linux-x86_64-debian-gcc 0.2.7 9.40 182.21 191.61 OK
r-devel-linux-x86_64-fedora-clang 0.2.7 304.16 NOTE
r-devel-linux-x86_64-fedora-gcc 0.2.7 292.81 NOTE
r-devel-windows-ix86+x86_64 0.2.7 19.00 223.00 242.00 OK
r-devel-windows-ix86+x86_64-gcc8 0.2.7 38.00 291.00 329.00 OK
r-patched-linux-x86_64 0.2.7 9.35 219.75 229.10 OK
r-patched-solaris-x86 0.2.7 410.70 NOTE
r-release-linux-x86_64 0.2.7 9.40 223.81 233.21 OK
r-release-windows-ix86+x86_64 0.2.7 19.00 232.00 251.00 OK
r-release-osx-x86_64 0.2.7 NOTE
r-oldrel-windows-ix86+x86_64 0.2.7 11.00 234.00 245.00 OK
r-oldrel-osx-x86_64 0.2.7 NOTE

Check Details

Version: 0.2.7
Check: dependencies in R code
Result: NOTE
    Namespace in Imports field not imported from: ‘mgcv’
     All declared Imports should be used.
Flavors: r-devel-linux-x86_64-fedora-clang, r-devel-linux-x86_64-fedora-gcc, r-patched-solaris-x86, r-release-osx-x86_64, r-oldrel-osx-x86_64