Last updated on 2024-04-18 01:55:11 CEST.
Flavor | Version | Tinstall | Tcheck | Ttotal | Status | Flags |
---|---|---|---|---|---|---|
r-devel-linux-x86_64-debian-clang | 0.4.6 | 10.82 | 334.98 | 345.80 | OK | |
r-devel-linux-x86_64-debian-gcc | 0.4.6 | 9.59 | 240.57 | 250.16 | OK | |
r-devel-linux-x86_64-fedora-clang | 0.4.6 | 421.69 | NOTE | |||
r-devel-linux-x86_64-fedora-gcc | 0.4.6 | 380.81 | OK | |||
r-prerel-macos-arm64 | 0.4.6 | 112.00 | NOTE | |||
r-prerel-windows-x86_64 | 0.4.6 | 12.00 | 230.00 | 242.00 | NOTE | |
r-patched-linux-x86_64 | 0.4.6 | 8.37 | 310.58 | 318.95 | OK | |
r-release-linux-x86_64 | 0.4.6 | 8.18 | 314.56 | 322.74 | OK | |
r-release-macos-arm64 | 0.4.6 | 126.00 | NOTE | |||
r-release-macos-x86_64 | 0.4.6 | 170.00 | NOTE | |||
r-release-windows-x86_64 | 0.4.6 | 15.00 | 304.00 | 319.00 | NOTE | |
r-oldrel-macos-arm64 | 0.4.6 | 110.00 | NOTE | |||
r-oldrel-windows-x86_64 | 0.4.6 | 16.00 | 300.00 | 316.00 | NOTE |
Version: 0.4.6
Check: installed package size
Result: NOTE
installed size is 5.5Mb
sub-directories of 1Mb or more:
doc 5.1Mb
Flavors: r-devel-linux-x86_64-fedora-clang, r-prerel-macos-arm64, r-prerel-windows-x86_64, r-release-macos-arm64, r-release-macos-x86_64, r-release-windows-x86_64, r-oldrel-macos-arm64, r-oldrel-windows-x86_64
Version: 0.4.6
Check: package dependencies
Result: NOTE
Packages suggested but not available for checking: 'spaMM', 'glmmTMB'
Packages which this enhances but not available for checking:
'rstan', 'BayesianTools'
Flavor: r-release-macos-x86_64