Last updated on 2024-03-29 01:51:03 CET.
Flavor | Version | Tinstall | Tcheck | Ttotal | Status | Flags |
---|---|---|---|---|---|---|
r-devel-linux-x86_64-debian-clang | 6.0.6 | 125.86 | 123.93 | 249.79 | NOTE | |
r-devel-linux-x86_64-debian-gcc | 6.0.6 | 116.40 | 89.11 | 205.51 | NOTE | |
r-devel-linux-x86_64-fedora-clang | 6.0.6 | 303.36 | NOTE | |||
r-devel-linux-x86_64-fedora-gcc | 6.0.6 | 358.45 | NOTE | |||
r-devel-windows-x86_64 | 6.0.6 | 92.00 | 165.00 | 257.00 | NOTE | --no-vignettes |
r-patched-linux-x86_64 | 6.0.6 | 98.68 | 117.28 | 215.96 | NOTE | |
r-release-linux-x86_64 | 6.0.6 | 93.06 | 117.19 | 210.25 | NOTE | |
r-release-macos-arm64 | 6.0.6 | 77.00 | NOTE | |||
r-release-macos-x86_64 | 6.0.6 | 143.00 | NOTE | |||
r-release-windows-x86_64 | 6.0.6 | 123.00 | 184.00 | 307.00 | NOTE | --no-vignettes |
r-oldrel-macos-arm64 | 6.0.6 | 72.00 | NOTE | |||
r-oldrel-windows-x86_64 | 6.0.6 | 116.00 | 188.00 | 304.00 | NOTE | --no-vignettes |
Version: 6.0.6
Check: package subdirectories
Result: NOTE
Problems with news in ‘NEWS.md’:
Cannot extract version info from the following section titles:
Changes to previous versions
Minor changes
Fixes
Previous Versions
Flavors: r-devel-linux-x86_64-debian-clang, r-devel-linux-x86_64-debian-gcc, r-devel-linux-x86_64-fedora-clang, r-devel-linux-x86_64-fedora-gcc, r-patched-linux-x86_64, r-release-linux-x86_64, r-release-macos-arm64, r-release-macos-x86_64
Version: 6.0.6
Flags: --no-vignettes
Check: installed package size
Result: NOTE
installed size is 14.2Mb
sub-directories of 1Mb or more:
libs 13.5Mb
Flavors: r-devel-windows-x86_64, r-release-windows-x86_64, r-oldrel-windows-x86_64
Version: 6.0.6
Flags: --no-vignettes
Check: package subdirectories
Result: NOTE
Problems with news in 'NEWS.md':
Cannot extract version info from the following section titles:
Changes to previous versions
Minor changes
Fixes
Previous Versions
Flavors: r-devel-windows-x86_64, r-release-windows-x86_64
Version: 6.0.6
Check: installed package size
Result: NOTE
installed size is 34.3Mb
sub-directories of 1Mb or more:
libs 33.6Mb
Flavors: r-release-macos-arm64, r-release-macos-x86_64, r-oldrel-macos-arm64