Last updated on 2024-05-02 01:56:56 CEST.
Flavor | Version | Tinstall | Tcheck | Ttotal | Status | Flags |
---|---|---|---|---|---|---|
r-devel-linux-x86_64-debian-clang | 0.1.2 | 2.95 | 45.54 | 48.49 | NOTE | |
r-devel-linux-x86_64-debian-gcc | 0.1.2 | 2.22 | 34.68 | 36.90 | NOTE | |
r-devel-linux-x86_64-fedora-clang | 0.1.2 | 60.46 | NOTE | |||
r-devel-linux-x86_64-fedora-gcc | 0.1.2 | 59.33 | NOTE | |||
r-devel-windows-x86_64 | 0.1.2 | 4.00 | 59.00 | 63.00 | NOTE | |
r-patched-linux-x86_64 | 0.1.2 | 1.86 | 45.29 | 47.15 | NOTE | |
r-release-linux-x86_64 | 0.1.2 | 1.64 | 44.69 | 46.33 | NOTE | |
r-release-macos-arm64 | 0.1.2 | 24.00 | NOTE | |||
r-release-windows-x86_64 | 0.1.2 | 3.00 | 59.00 | 62.00 | NOTE | |
r-oldrel-macos-arm64 | 0.1.2 | 28.00 | NOTE | |||
r-oldrel-macos-x86_64 | 0.1.2 | 37.00 | NOTE | |||
r-oldrel-windows-x86_64 | 0.1.2 | 5.00 | 63.00 | 68.00 | NOTE |
Version: 0.1.2
Check: package subdirectories
Result: NOTE
Problems with news in ‘NEWS.md’:
No news entries found.
Flavors: r-devel-linux-x86_64-debian-clang, r-devel-linux-x86_64-debian-gcc, r-devel-linux-x86_64-fedora-clang, r-devel-linux-x86_64-fedora-gcc, r-devel-windows-x86_64, r-patched-linux-x86_64, r-release-linux-x86_64, r-release-macos-arm64, r-release-windows-x86_64, r-oldrel-macos-arm64, r-oldrel-macos-x86_64, r-oldrel-windows-x86_64
Version: 0.1.2
Check: LazyData
Result: NOTE
'LazyData' is specified without a 'data' directory
Flavors: r-devel-linux-x86_64-debian-clang, r-devel-linux-x86_64-debian-gcc, r-devel-linux-x86_64-fedora-clang, r-devel-linux-x86_64-fedora-gcc, r-devel-windows-x86_64, r-patched-linux-x86_64, r-release-linux-x86_64, r-release-macos-arm64, r-release-windows-x86_64, r-oldrel-macos-arm64, r-oldrel-macos-x86_64, r-oldrel-windows-x86_64