Last updated on 2023-06-05 01:52:03 CEST.
Flavor | Version | Tinstall | Tcheck | Ttotal | Status | Flags |
---|---|---|---|---|---|---|
r-devel-linux-x86_64-debian-clang | 0.2-4 | 71.51 | 81.09 | 152.60 | NOTE | |
r-devel-linux-x86_64-debian-gcc | 0.2-4 | 57.26 | 61.19 | 118.45 | NOTE | |
r-devel-linux-x86_64-fedora-clang | 0.2-4 | 228.90 | NOTE | |||
r-devel-linux-x86_64-fedora-gcc | 0.2-4 | 223.32 | NOTE | |||
r-devel-windows-x86_64 | 0.2-4 | 58.00 | 104.00 | 162.00 | NOTE | |
r-patched-linux-x86_64 | 0.2-4 | 64.84 | 75.17 | 140.01 | NOTE | |
r-release-linux-x86_64 | 0.2-4 | 60.32 | 75.96 | 136.28 | NOTE | |
r-release-macos-arm64 | 0.2-4 | 65.00 | NOTE | |||
r-release-macos-x86_64 | 0.2-4 | 91.00 | NOTE | |||
r-release-windows-x86_64 | 0.2-4 | 73.00 | 121.00 | 194.00 | NOTE | |
r-oldrel-macos-arm64 | 0.2-4 | 60.00 | NOTE | |||
r-oldrel-macos-x86_64 | 0.2-4 | 74.00 | NOTE | |||
r-oldrel-windows-x86_64 | 0.2-4 | 75.00 | 121.00 | 196.00 | NOTE |
Version: 0.2-4
Check: C++ specification
Result: NOTE
Specified C++11: please drop specification unless essential
Flavors: r-devel-linux-x86_64-debian-clang, r-devel-linux-x86_64-debian-gcc, r-devel-linux-x86_64-fedora-clang, r-devel-linux-x86_64-fedora-gcc, r-devel-windows-x86_64, r-patched-linux-x86_64, r-release-linux-x86_64, r-release-macos-arm64, r-release-macos-x86_64, r-release-windows-x86_64
Version: 0.2-4
Check: for GNU extensions in Makefiles
Result: NOTE
GNU make is a SystemRequirements.
Flavors: r-devel-linux-x86_64-debian-clang, r-devel-linux-x86_64-debian-gcc, r-devel-linux-x86_64-fedora-clang, r-devel-linux-x86_64-fedora-gcc, r-devel-windows-x86_64, r-patched-linux-x86_64, r-release-linux-x86_64, r-release-macos-arm64, r-release-windows-x86_64, r-oldrel-macos-arm64, r-oldrel-macos-x86_64, r-oldrel-windows-x86_64