Last updated on 2023-05-28 01:53:55 CEST.
Flavor | Version | Tinstall | Tcheck | Ttotal | Status | Flags |
---|---|---|---|---|---|---|
r-devel-linux-x86_64-debian-clang | 0.9.3 | 11.76 | 169.44 | 181.20 | OK | |
r-devel-linux-x86_64-debian-gcc | 0.9.3 | 9.13 | 124.77 | 133.90 | OK | |
r-devel-linux-x86_64-fedora-clang | 0.9.3 | 217.24 | NOTE | |||
r-devel-linux-x86_64-fedora-gcc | 0.9.3 | 214.97 | OK | |||
r-devel-windows-x86_64 | 0.9.3 | 13.00 | 145.00 | 158.00 | NOTE | |
r-patched-linux-x86_64 | 0.9.3 | 10.50 | 156.51 | 167.01 | OK | |
r-release-linux-x86_64 | 0.9.3 | 8.32 | 157.43 | 165.75 | OK | |
r-release-macos-arm64 | 0.9.3 | 68.00 | NOTE | |||
r-release-macos-x86_64 | 0.9.3 | 103.00 | NOTE | |||
r-release-windows-x86_64 | 0.9.3 | 15.00 | 178.00 | 193.00 | NOTE | |
r-oldrel-macos-arm64 | 0.9.3 | 58.00 | NOTE | |||
r-oldrel-macos-x86_64 | 0.9.3 | 90.00 | NOTE | |||
r-oldrel-windows-x86_64 | 0.9.3 | 14.00 | 178.00 | 192.00 | NOTE |
Version: 0.9.3
Check: installed package size
Result: NOTE
installed size is 5.2Mb
sub-directories of 1Mb or more:
appinformation 4.1Mb
Flavors: r-devel-linux-x86_64-fedora-clang, r-devel-windows-x86_64, r-release-macos-arm64, r-release-macos-x86_64, r-release-windows-x86_64, r-oldrel-macos-arm64, r-oldrel-macos-x86_64, r-oldrel-windows-x86_64