Last updated on 2024-04-19 01:58:40 CEST.
Flavor | Version | Tinstall | Tcheck | Ttotal | Status | Flags |
---|---|---|---|---|---|---|
r-devel-linux-x86_64-debian-clang | 0.9.6 | 13.82 | 184.79 | 198.61 | OK | |
r-devel-linux-x86_64-debian-gcc | 0.9.6 | 8.66 | 128.85 | 137.51 | OK | |
r-devel-linux-x86_64-fedora-clang | 0.9.6 | 244.90 | NOTE | |||
r-devel-linux-x86_64-fedora-gcc | 0.9.6 | 243.21 | OK | |||
r-prerel-macos-arm64 | 0.9.6 | 69.00 | NOTE | |||
r-prerel-windows-x86_64 | 0.9.6 | 11.00 | 144.00 | 155.00 | NOTE | |
r-patched-linux-x86_64 | 0.9.6 | 7.67 | 169.44 | 177.11 | OK | |
r-release-linux-x86_64 | 0.9.6 | 7.21 | 169.84 | 177.05 | OK | |
r-release-macos-arm64 | 0.9.6 | 69.00 | NOTE | |||
r-release-macos-x86_64 | 0.9.6 | 175.00 | NOTE | |||
r-release-windows-x86_64 | 0.9.6 | 15.00 | 182.00 | 197.00 | NOTE | |
r-oldrel-macos-arm64 | 0.9.6 | 69.00 | NOTE | |||
r-oldrel-windows-x86_64 | 0.9.6 | 16.00 | 185.00 | 201.00 | NOTE |
Version: 0.9.6
Check: installed package size
Result: NOTE
installed size is 5.3Mb
sub-directories of 1Mb or more:
appinformation 4.1Mb
Flavors: r-devel-linux-x86_64-fedora-clang, r-prerel-macos-arm64, r-prerel-windows-x86_64, r-release-macos-arm64, r-release-macos-x86_64, r-release-windows-x86_64, r-oldrel-macos-arm64, r-oldrel-windows-x86_64