Last updated on 2024-04-19 01:58:40 CEST.
Flavor | Version | Tinstall | Tcheck | Ttotal | Status | Flags |
---|---|---|---|---|---|---|
r-devel-linux-x86_64-debian-clang | 2.0.0 | 2.48 | 39.09 | 41.57 | OK | |
r-devel-linux-x86_64-debian-gcc | 2.0.0 | 2.40 | 30.39 | 32.79 | OK | |
r-devel-linux-x86_64-fedora-clang | 2.0.0 | 54.22 | NOTE | |||
r-devel-linux-x86_64-fedora-gcc | 2.0.0 | 59.96 | NOTE | |||
r-prerel-macos-arm64 | 2.0.0 | 25.00 | OK | |||
r-prerel-windows-x86_64 | 2.0.0 | 3.00 | 50.00 | 53.00 | OK | |
r-patched-linux-x86_64 | 2.0.0 | 3.14 | 36.31 | 39.45 | OK | |
r-release-linux-x86_64 | 2.0.0 | 2.85 | 34.70 | 37.55 | OK | |
r-release-macos-arm64 | 2.0.0 | 43.00 | OK | |||
r-release-macos-x86_64 | 2.0.0 | 99.00 | OK | |||
r-release-windows-x86_64 | 2.0.0 | 4.00 | 52.00 | 56.00 | OK | |
r-oldrel-macos-arm64 | 2.0.0 | 31.00 | OK | |||
r-oldrel-windows-x86_64 | 2.0.0 | 4.00 | 55.00 | 59.00 | OK |
Version: 2.0.0
Check: data for non-ASCII characters
Result: NOTE
Note: found 386 marked UTF-8 strings
Flavors: r-devel-linux-x86_64-fedora-clang, r-devel-linux-x86_64-fedora-gcc