CRAN Package Check Results for Package DendSer

Last updated on 2022-07-03 01:48:52 CEST.

Flavor Version Tinstall Tcheck Ttotal Status Flags
r-devel-linux-x86_64-debian-clang 1.0.2 4.60 29.10 33.70 NOTE
r-devel-linux-x86_64-debian-gcc 1.0.2 2.67 22.39 25.06 NOTE
r-devel-linux-x86_64-fedora-clang 1.0.2 52.10 NOTE
r-devel-linux-x86_64-fedora-gcc 1.0.2 52.05 NOTE
r-devel-windows-x86_64 1.0.2 18.00 66.00 84.00 NOTE
r-patched-linux-x86_64 1.0.2 2.99 28.57 31.56 OK
r-release-linux-x86_64 1.0.2 4.05 28.38 32.43 OK
r-release-macos-arm64 1.0.2 18.00 OK
r-release-macos-x86_64 1.0.2 28.00 OK
r-release-windows-x86_64 1.0.2 21.00 63.00 84.00 OK
r-oldrel-macos-arm64 1.0.2 18.00 OK
r-oldrel-macos-x86_64 1.0.2 27.00 OK
r-oldrel-windows-ix86+x86_64 1.0.2 18.00 68.00 86.00 OK

Check Details

Version: 1.0.2
Check: Rd files
Result: NOTE
    checkRd: (-1) DendSer.Rd:50: Escaped LaTeX specials: \&
Flavors: r-devel-linux-x86_64-debian-clang, r-devel-linux-x86_64-debian-gcc, r-devel-linux-x86_64-fedora-clang, r-devel-linux-x86_64-fedora-gcc, r-devel-windows-x86_64