CRAN Package Check Results for Package DescriptiveStats.OBeu

Last updated on 2022-07-06 01:50:22 CEST.

Flavor Version Tinstall Tcheck Ttotal Status Flags
r-devel-linux-x86_64-debian-clang 1.3.2 2.83 33.17 36.00 OK
r-devel-linux-x86_64-debian-gcc 1.3.2 2.13 24.99 27.12 OK
r-devel-linux-x86_64-fedora-clang 1.3.2 54.34 NOTE
r-devel-linux-x86_64-fedora-gcc 1.3.2 54.52 NOTE
r-devel-windows-x86_64 1.3.2 78.00 70.00 148.00 OK
r-patched-linux-x86_64 1.3.2 3.16 31.59 34.75 OK
r-release-linux-x86_64 1.3.2 2.59 31.36 33.95 OK
r-release-macos-arm64 1.3.2 20.00 NOTE
r-release-macos-x86_64 1.3.2 36.00 NOTE
r-release-windows-x86_64 1.3.2 39.00 69.00 108.00 OK
r-oldrel-macos-arm64 1.3.2 28.00 NOTE
r-oldrel-macos-x86_64 1.3.2 32.00 NOTE
r-oldrel-windows-ix86+x86_64 1.3.2 7.00 59.00 66.00 OK

Check Details

Version: 1.3.2
Check: data for non-ASCII characters
Result: NOTE
     Note: found 5764 marked UTF-8 strings
Flavors: r-devel-linux-x86_64-fedora-clang, r-devel-linux-x86_64-fedora-gcc, r-release-macos-arm64, r-release-macos-x86_64, r-oldrel-macos-arm64, r-oldrel-macos-x86_64