CRAN Package Check Results for Package DiscreteQvalue

Last updated on 2022-06-30 01:49:07 CEST.

Flavor Version Tinstall Tcheck Ttotal Status Flags
r-devel-linux-x86_64-debian-clang 1.1 2.36 21.70 24.06 NOTE
r-devel-linux-x86_64-debian-gcc 1.1 1.51 17.05 18.56 NOTE
r-devel-linux-x86_64-fedora-clang 1.1 40.00 NOTE
r-devel-linux-x86_64-fedora-gcc 1.1 39.81 NOTE
r-devel-windows-x86_64 1.1 25.00 49.00 74.00 NOTE
r-patched-linux-x86_64 1.1 2.48 21.68 24.16 NOTE
r-release-linux-x86_64 1.1 1.76 21.55 23.31 NOTE
r-release-macos-arm64 1.1 14.00 NOTE
r-release-macos-x86_64 1.1 20.00 NOTE
r-release-windows-x86_64 1.1 30.00 46.00 76.00 NOTE
r-oldrel-macos-arm64 1.1 18.00 NOTE
r-oldrel-macos-x86_64 1.1 26.00 NOTE
r-oldrel-windows-ix86+x86_64 1.1 5.00 42.00 47.00 NOTE

Check Details

Version: 1.1
Check: LazyData
Result: NOTE
     'LazyData' is specified without a 'data' directory
Flavors: r-devel-linux-x86_64-debian-clang, r-devel-linux-x86_64-debian-gcc, r-devel-linux-x86_64-fedora-clang, r-devel-linux-x86_64-fedora-gcc, r-devel-windows-x86_64, r-patched-linux-x86_64, r-release-linux-x86_64, r-release-macos-arm64, r-release-macos-x86_64, r-release-windows-x86_64, r-oldrel-macos-arm64, r-oldrel-macos-x86_64, r-oldrel-windows-ix86+x86_64