Last updated on 2024-04-18 01:55:12 CEST.
Flavor | Version | Tinstall | Tcheck | Ttotal | Status | Flags |
---|---|---|---|---|---|---|
r-devel-linux-x86_64-debian-clang | 1.1.1 | 12.47 | 115.76 | 128.23 | NOTE | |
r-devel-linux-x86_64-debian-gcc | 1.1.1 | 9.82 | 82.75 | 92.57 | NOTE | |
r-devel-linux-x86_64-fedora-clang | 1.1.1 | 158.64 | NOTE | |||
r-devel-linux-x86_64-fedora-gcc | 1.1.1 | 158.68 | NOTE | |||
r-prerel-macos-arm64 | 1.1.1 | 43.00 | NOTE | |||
r-prerel-windows-x86_64 | 1.1.1 | 11.00 | 108.00 | 119.00 | NOTE | |
r-patched-linux-x86_64 | 1.1.1 | 21.26 | 106.88 | 128.14 | NOTE | |
r-release-linux-x86_64 | 1.1.1 | 9.21 | 110.74 | 119.95 | OK | |
r-release-macos-arm64 | 1.1.1 | 46.00 | OK | |||
r-release-macos-x86_64 | 1.1.1 | 78.00 | OK | |||
r-release-windows-x86_64 | 1.1.1 | 16.00 | 127.00 | 143.00 | OK | |
r-oldrel-macos-arm64 | 1.1.1 | 50.00 | NOTE | |||
r-oldrel-windows-x86_64 | 1.1.1 | 17.00 | 122.00 | 139.00 | OK |
Version: 1.1.1
Check: Rd files
Result: NOTE
checkRd: (-1) GraphDistatisRv.Rd:36: Lost braces
36 | If code{NULL} (default), these are
| ^
checkRd: (-1) WinesRankingRawData.Rd:22: Lost braces; missing escapes or markup?
22 | of the general composition {w/m}{a/f}{01 : 80}.
| ^
checkRd: (-1) WinesRankingRawData.Rd:22: Lost braces
22 | of the general composition {w/m}{a/f}{01 : 80}.
| ^
checkRd: (-1) WinesRankingRawData.Rd:22: Lost braces
22 | of the general composition {w/m}{a/f}{01 : 80}.
| ^
checkRd: (-1) amariSorting.Rd:44: Lost braces; missing escapes or markup?
44 | {m/f} give the gender of the assessors (male versus female),
| ^
checkRd: (-1) computePartial4Groups.Rd:23-24: Lost braces in \itemize; \value handles \item{}{} directly
checkRd: (-1) computePartial4Groups.Rd:25-26: Lost braces in \itemize; \value handles \item{}{} directly
checkRd: (-1) createCubeOfCovDis.Rd:31: Lost braces
31 | and 2) code{cubeOfDistance}
| ^
checkRd: (-1) list2CubeOfCovDis.Rd:37: Lost braces
37 | and 2) code{cubeOfDistance}
| ^
checkRd: (-1) print.F4voc.Rd:12: Lost braces; missing escapes or markup?
12 | \item{x}{a list: the data set: {str_BeersProjectiveMapping}}
| ^
checkRd: (-1) print.cubeOfCovDis.Rd:10: Lost braces; missing escapes or markup?
10 | \item{x}{a list objects of the class {cubeOfCovDis}}
| ^
checkRd: (-1) print.dataAmari.Rd:11: Lost braces; missing escapes or markup?
11 | \item{x}{a list: the data set from {amariSorting}}
| ^
checkRd: (-1) print.dataSortingSpices.Rd:11: Lost braces; missing escapes or markup?
11 | \item{x}{a list: the data set: {sortingSpices}}
| ^
checkRd: (-1) print.dataSortingWines.Rd:11: Lost braces; missing escapes or markup?
11 | \item{x}{a list: the data set: {sortingWines}}
| ^
checkRd: (-1) print.str_BeersProjectiveMapping.Rd:11: Lost braces; missing escapes or markup?
11 | \item{x}{a list: the data set: {str_BeersProjectiveMapping}}
| ^
Flavors: r-devel-linux-x86_64-debian-clang, r-devel-linux-x86_64-debian-gcc, r-devel-linux-x86_64-fedora-clang, r-devel-linux-x86_64-fedora-gcc, r-prerel-macos-arm64, r-prerel-windows-x86_64, r-patched-linux-x86_64
Version: 1.1.1
Check: data for non-ASCII characters
Result: NOTE
Note: found 12 marked UTF-8 strings
Flavors: r-devel-linux-x86_64-fedora-clang, r-devel-linux-x86_64-fedora-gcc, r-oldrel-macos-arm64