Last updated on 2025-04-30 01:50:17 CEST.
Flavor | Version | Tinstall | Tcheck | Ttotal | Status | Flags |
---|---|---|---|---|---|---|
r-devel-linux-x86_64-debian-clang | 0.12 | 16.52 | 122.45 | 138.97 | NOTE | |
r-devel-linux-x86_64-debian-gcc | 0.12 | 9.95 | 81.05 | 91.00 | NOTE | |
r-devel-linux-x86_64-fedora-clang | 0.12 | 217.84 | OK | |||
r-devel-linux-x86_64-fedora-gcc | 0.12 | 198.16 | OK | |||
r-devel-windows-x86_64 | 0.12 | 19.00 | 154.00 | 173.00 | OK | |
r-patched-linux-x86_64 | 0.12 | 20.80 | 113.55 | 134.35 | OK | |
r-release-linux-x86_64 | 0.12 | 14.60 | 113.34 | 127.94 | OK | |
r-release-macos-arm64 | 0.12 | 59.00 | OK | |||
r-release-macos-x86_64 | 0.12 | 114.00 | OK | |||
r-release-windows-x86_64 | 0.12 | 21.00 | 155.00 | 176.00 | OK | |
r-oldrel-macos-arm64 | 0.12 | 52.00 | OK | |||
r-oldrel-macos-x86_64 | 0.12 | 80.00 | OK | |||
r-oldrel-windows-x86_64 | 0.12 | 25.00 | 194.00 | 219.00 | OK |
Version: 0.12
Check: CRAN incoming feasibility
Result: NOTE
Maintainer: ‘Dinesh Acharya <dines.acharya@gmail.com>’
No Authors@R field in DESCRIPTION.
Please add one, modifying
Authors@R: person(given = "Dinesh",
family = "Acharya",
role = c("aut", "cre"),
email = "dines.acharya@gmail.com")
as necessary.
Flavors: r-devel-linux-x86_64-debian-clang, r-devel-linux-x86_64-debian-gcc