Last updated on 2024-05-02 01:56:56 CEST.
Flavor | Version | Tinstall | Tcheck | Ttotal | Status | Flags |
---|---|---|---|---|---|---|
r-devel-linux-x86_64-debian-clang | 0.1.1 | 14.66 | 127.49 | 142.15 | OK | |
r-devel-linux-x86_64-debian-gcc | 0.1.1 | 12.34 | 95.46 | 107.80 | OK | |
r-devel-linux-x86_64-fedora-clang | 0.1.1 | 178.90 | NOTE | |||
r-devel-linux-x86_64-fedora-gcc | 0.1.1 | 177.43 | NOTE | |||
r-devel-windows-x86_64 | 0.1.1 | 14.00 | 106.00 | 120.00 | OK | |
r-patched-linux-x86_64 | 0.1.1 | 11.37 | 122.13 | 133.50 | OK | |
r-release-linux-x86_64 | 0.1.1 | 12.22 | 121.59 | 133.81 | OK | |
r-release-macos-arm64 | 0.1.1 | 64.00 | OK | |||
r-release-macos-x86_64 | 0.1.1 | 103.00 | OK | |||
r-release-windows-x86_64 | 0.1.1 | 15.00 | 106.00 | 121.00 | OK | |
r-oldrel-macos-arm64 | 0.1.1 | 58.00 | OK | |||
r-oldrel-macos-x86_64 | 0.1.1 | 127.00 | OK | |||
r-oldrel-windows-x86_64 | 0.1.1 | 19.00 | 127.00 | 146.00 | OK |
Version: 0.1.1
Check: dependencies in R code
Result: NOTE
Namespace in Imports field not imported from: ‘base’
All declared Imports should be used.
Flavors: r-devel-linux-x86_64-fedora-clang, r-devel-linux-x86_64-fedora-gcc