CRAN Package Check Results for Package ECGofTestDx

Last updated on 2025-05-01 01:49:29 CEST.

Flavor Version Tinstall Tcheck Ttotal Status Flags
r-devel-linux-x86_64-debian-clang 0.5 6.69 24.78 31.47 NOTE
r-devel-linux-x86_64-debian-gcc 0.5 8.16 19.56 27.72 OK
r-devel-linux-x86_64-fedora-clang 0.5 49.66 OK
r-devel-linux-x86_64-fedora-gcc 0.5 57.78 OK
r-devel-windows-x86_64 0.5 12.00 55.00 67.00 OK
r-patched-linux-x86_64 0.5 10.74 23.74 34.48 OK
r-release-linux-x86_64 0.5 11.48 23.68 35.16 OK
r-release-macos-arm64 0.5 23.00 OK
r-release-macos-x86_64 0.5 37.00 OK
r-release-windows-x86_64 0.5 11.00 139.00 150.00 OK
r-oldrel-macos-arm64 0.5 36.00 OK
r-oldrel-macos-x86_64 0.5 34.00 OK
r-oldrel-windows-x86_64 0.5 12.00 52.00 64.00 OK

Check Details

Version: 0.5
Check: examples
Result: NOTE Examples with CPU (user + system) or elapsed time > 5s user system elapsed SmoothECTest 4.201 0.055 6.274 Flavor: r-devel-linux-x86_64-debian-clang