Last updated on 2024-05-04 01:48:41 CEST.
Flavor | Version | Tinstall | Tcheck | Ttotal | Status | Flags |
---|---|---|---|---|---|---|
r-devel-linux-x86_64-debian-clang | 0.3.0 | 2.69 | 55.07 | 57.76 | NOTE | |
r-devel-linux-x86_64-fedora-clang | 0.3.0 | 68.83 | NOTE | |||
r-devel-linux-x86_64-fedora-gcc | 0.3.0 | 66.25 | NOTE | |||
r-devel-windows-x86_64 | 0.3.0 | 4.00 | 59.00 | 63.00 | NOTE | |
r-patched-linux-x86_64 | 0.3.0 | 4.01 | 51.85 | 55.86 | NOTE | |
r-release-linux-x86_64 | 0.3.0 | 3.57 | 51.52 | 55.09 | NOTE | |
r-release-macos-arm64 | 0.3.0 | 21.00 | NOTE | |||
r-release-windows-x86_64 | 0.3.0 | 4.00 | 59.00 | 63.00 | NOTE | |
r-oldrel-macos-arm64 | 0.3.0 | 24.00 | NOTE | |||
r-oldrel-macos-x86_64 | 0.3.0 | 34.00 | NOTE | |||
r-oldrel-windows-x86_64 | 0.3.0 | 5.00 | 66.00 | 71.00 | NOTE |
Version: 0.3.0
Check: LazyData
Result: NOTE
'LazyData' is specified without a 'data' directory
Flavors: r-devel-linux-x86_64-debian-clang, r-devel-linux-x86_64-fedora-clang, r-devel-linux-x86_64-fedora-gcc, r-devel-windows-x86_64, r-patched-linux-x86_64, r-release-linux-x86_64, r-release-macos-arm64, r-release-windows-x86_64, r-oldrel-macos-arm64, r-oldrel-macos-x86_64, r-oldrel-windows-x86_64