CRAN Package Check Results for Package EDCimport

Last updated on 2023-06-02 01:53:39 CEST.

Flavor Version Tinstall Tcheck Ttotal Status Flags
r-devel-linux-x86_64-debian-clang 0.3.0 8.17 64.86 73.03 OK
r-devel-linux-x86_64-debian-gcc 0.3.0 6.08 48.81 54.89 OK
r-devel-linux-x86_64-fedora-clang 0.3.0 90.86 NOTE
r-devel-linux-x86_64-fedora-gcc 0.3.0 87.62 OK
r-devel-windows-x86_64 0.3.0 8.00 84.00 92.00 OK
r-patched-linux-x86_64 0.3.0 OK
r-release-linux-x86_64 0.3.0 5.45 61.09 66.54 OK
r-release-macos-arm64 0.3.0 32.00 OK
r-release-macos-x86_64 0.2.1 44.00 OK
r-release-windows-x86_64 0.3.0 10.00 78.00 88.00 OK
r-oldrel-macos-arm64 0.3.0 37.00 OK
r-oldrel-macos-x86_64 0.3.0 43.00 OK
r-oldrel-windows-x86_64 0.3.0 10.00 102.00 112.00 OK

Additional issues

noSuggests

Check Details

Version: 0.3.0
Check: Rd cross-references
Result: NOTE
    Undeclared package ‘installr’ in Rd xrefs
Flavor: r-devel-linux-x86_64-fedora-clang