CRAN Package Check Results for Package EGAnet

Last updated on 2022-05-24 01:49:50 CEST.

Flavor Version Tinstall Tcheck Ttotal Status Flags
r-devel-linux-x86_64-debian-clang 1.1.0 13.70 140.36 154.06 OK
r-devel-linux-x86_64-debian-gcc 1.1.0 11.74 102.22 113.96 OK
r-devel-linux-x86_64-fedora-clang 1.1.0 191.98 NOTE
r-devel-linux-x86_64-fedora-gcc 1.1.0 177.52 OK
r-devel-windows-x86_64 1.1.0 35.00 168.00 203.00 OK
r-patched-linux-x86_64 1.1.0 20.41 130.41 150.82 OK
r-release-linux-x86_64 1.1.0 OK
r-release-macos-arm64 1.1.0 54.00 OK
r-release-macos-x86_64 1.1.0 72.00 OK
r-release-windows-x86_64 1.1.0 39.00 167.00 206.00 OK
r-oldrel-macos-arm64 1.1.0 51.00 OK
r-oldrel-macos-x86_64 1.1.0 71.00 OK
r-oldrel-windows-ix86+x86_64 1.1.0 29.00 170.00 199.00 OK

Check Details

Version: 1.1.0
Check: Rd cross-references
Result: NOTE
    Undeclared package ‘NetworkToolbox’ in Rd xrefs
Flavor: r-devel-linux-x86_64-fedora-clang