Last updated on 2023-06-05 01:52:04 CEST.
Flavor | Version | Tinstall | Tcheck | Ttotal | Status | Flags |
---|---|---|---|---|---|---|
r-devel-linux-x86_64-debian-clang | 2.0.4 | 5.00 | 53.62 | 58.62 | OK | |
r-devel-linux-x86_64-debian-gcc | 2.0.4 | 5.21 | 41.06 | 46.27 | OK | |
r-devel-linux-x86_64-fedora-clang | 2.0.4 | 74.28 | OK | |||
r-devel-linux-x86_64-fedora-gcc | 2.0.4 | 80.79 | OK | |||
r-devel-windows-x86_64 | 2.0.4 | 7.00 | 66.00 | 73.00 | OK | |
r-patched-linux-x86_64 | 2.0.4 | 11.04 | 51.36 | 62.40 | OK | |
r-release-linux-x86_64 | 2.0.4 | 3.96 | 51.36 | 55.32 | OK | |
r-release-macos-arm64 | 2.0.4 | 31.00 | ERROR | |||
r-release-macos-x86_64 | 2.0.4 | 52.00 | OK | |||
r-release-windows-x86_64 | 2.0.4 | 9.00 | 72.00 | 81.00 | OK | |
r-oldrel-macos-arm64 | 2.0.4 | 34.00 | ERROR | |||
r-oldrel-macos-x86_64 | 2.0.4 | 41.00 | OK | |||
r-oldrel-windows-x86_64 | 2.0.4 | 8.00 | 72.00 | 80.00 | OK |
Version: 2.0.4
Check: tests
Result: ERROR
Running ‘testthat.R’ [1s/1s]
Running the tests in ‘tests/testthat.R’ failed.
Last 13 lines of output:
> library(EGRETci)
> test_check("EGRETci")
[ FAIL 1 | WARN 0 | SKIP 10 | PASS 16 ]
══ Skipped tests ═══════════════════════════════════════════════════════════════
• On CRAN (10)
══ Failed tests ════════════════════════════════════════════════════════════════
── Failure ('tests_boot_tests.R:112:3'): paVector ──────────────────────────────
`paIndexWinter` not equal to 11:13.
Lengths differ: 4 is not 3
[ FAIL 1 | WARN 0 | SKIP 10 | PASS 16 ]
Error: Test failures
Execution halted
Flavors: r-release-macos-arm64, r-oldrel-macos-arm64