Last updated on 2025-05-08 01:51:01 CEST.
Flavor | Version | Tinstall | Tcheck | Ttotal | Status | Flags |
---|---|---|---|---|---|---|
r-devel-linux-x86_64-debian-clang | 1.1.2 | 2.44 | 20.29 | 22.73 | NOTE | |
r-devel-linux-x86_64-debian-gcc | 1.1.2 | 1.75 | 16.52 | 18.27 | NOTE | |
r-devel-linux-x86_64-fedora-clang | 1.1.2 | 35.31 | OK | |||
r-devel-linux-x86_64-fedora-gcc | 1.1.2 | 33.33 | OK | |||
r-devel-windows-x86_64 | 1.1.2 | 3.00 | 40.00 | 43.00 | OK | |
r-patched-linux-x86_64 | 1.1.2 | 1.94 | 19.14 | 21.08 | OK | |
r-release-linux-x86_64 | 1.1.2 | 2.34 | 19.26 | 21.60 | OK | |
r-release-macos-arm64 | 1.1.2 | 18.00 | OK | |||
r-release-macos-x86_64 | 1.1.2 | 27.00 | OK | |||
r-release-windows-x86_64 | 1.1.2 | 3.00 | 42.00 | 45.00 | OK | |
r-oldrel-macos-arm64 | 1.1.2 | 18.00 | OK | |||
r-oldrel-macos-x86_64 | 1.1.2 | 31.00 | OK | |||
r-oldrel-windows-x86_64 | 1.1.2 | 4.00 | 44.00 | 48.00 | OK |
Version: 1.1.2
Check: CRAN incoming feasibility
Result: NOTE
Maintainer: ‘Hyukpyo Hong <hphong@kaist.ac.kr>’
No Authors@R field in DESCRIPTION.
Please add one, modifying
Authors@R: c(person(given = "Hyukpyo",
family = "Hong",
role = c("aut", "cre"),
email = "hphong@kaist.ac.kr"),
person(given = "Boseung",
family = "Choi",
role = "aut"),
person(given = c("Jae", "Kyoung"),
family = "Kim",
role = "aut"))
as necessary.
Flavors: r-devel-linux-x86_64-debian-clang, r-devel-linux-x86_64-debian-gcc