CRAN Package Check Results for Package ENMTools

Last updated on 2022-05-18 01:49:50 CEST.

Flavor Version Tinstall Tcheck Ttotal Status Flags
r-devel-linux-x86_64-debian-clang 1.0.6 50.04 563.64 613.68 NOTE
r-devel-linux-x86_64-debian-gcc 1.0.6 41.56 410.94 452.50 NOTE
r-devel-linux-x86_64-fedora-clang 1.0.6 777.67 OK
r-devel-linux-x86_64-fedora-gcc 1.0.6 750.45 OK
r-devel-windows-x86_64 1.0.6 87.00 536.00 623.00 OK
r-patched-linux-x86_64 1.0.6 46.31 532.80 579.11 OK
r-release-linux-x86_64 1.0.6 48.89 519.74 568.63 OK
r-release-macos-arm64 1.0.6 155.00 OK
r-release-macos-x86_64 1.0.6 288.00 OK
r-release-windows-x86_64 1.0.6 87.00 518.00 605.00 OK
r-oldrel-macos-arm64 1.0.6 105.00 OK
r-oldrel-macos-x86_64 1.0.6 200.00 OK
r-oldrel-windows-ix86+x86_64 1.0.6 106.00 546.00 652.00 OK

Check Details

Version: 1.0.6
Check: package dependencies
Result: NOTE
    Package suggested but not available for checking: 'hypervolume'
Flavors: r-devel-linux-x86_64-debian-clang, r-devel-linux-x86_64-debian-gcc