Last updated on 2024-03-28 01:53:56 CET.
Flavor | Version | Tinstall | Tcheck | Ttotal | Status | Flags |
---|---|---|---|---|---|---|
r-devel-linux-x86_64-debian-clang | 4.1.3 | 14.49 | 152.74 | 167.23 | OK | |
r-devel-linux-x86_64-debian-gcc | 4.1.3 | 9.85 | 112.77 | 122.62 | OK | |
r-devel-linux-x86_64-fedora-clang | 4.1.3 | 204.98 | NOTE | |||
r-devel-linux-x86_64-fedora-gcc | 4.1.3 | 226.57 | NOTE | |||
r-devel-windows-x86_64 | 4.1.3 | 11.00 | 131.00 | 142.00 | OK | |
r-patched-linux-x86_64 | 4.1.3 | 10.73 | 146.58 | 157.31 | OK | |
r-release-linux-x86_64 | 4.1.3 | 8.72 | 144.70 | 153.42 | OK | |
r-release-macos-arm64 | 4.1.3 | 69.00 | OK | |||
r-release-macos-x86_64 | 4.1.3 | 103.00 | OK | |||
r-release-windows-x86_64 | 4.1.3 | 17.00 | 164.00 | 181.00 | OK | |
r-oldrel-macos-arm64 | 4.1.3 | 56.00 | NOTE | |||
r-oldrel-windows-x86_64 | 4.1.3 | 17.00 | 160.00 | 177.00 | OK |
Version: 4.1.3
Check: dependencies in R code
Result: NOTE
Namespace in Imports field not imported from: ‘metadat’
All declared Imports should be used.
Flavors: r-devel-linux-x86_64-fedora-clang, r-devel-linux-x86_64-fedora-gcc, r-oldrel-macos-arm64