CRAN Package Check Results for Package Ecfun

Last updated on 2022-01-29 01:49:33 CET.

Flavor Version Tinstall Tcheck Ttotal Status Flags
r-devel-linux-x86_64-debian-clang 0.2-5 18.18 164.10 182.28 OK
r-devel-linux-x86_64-debian-gcc 0.2-5 12.79 121.18 133.97 OK
r-devel-linux-x86_64-fedora-clang 0.2-5 222.38 NOTE
r-devel-linux-x86_64-fedora-gcc 0.2-5 207.29 OK
r-devel-windows-x86_64-new-UL 0.2-5 85.00 208.00 293.00 OK
r-devel-windows-x86_64-new-TK 0.2-5 NOTE
r-patched-linux-x86_64 0.2-5 13.90 154.93 168.83 OK
r-release-linux-x86_64 0.2-5 9.74 154.44 164.18 OK
r-release-macos-arm64 0.2-5 OK
r-release-macos-x86_64 0.2-5 OK
r-release-windows-ix86+x86_64 0.2-5 35.00 197.00 232.00 OK
r-oldrel-macos-x86_64 0.2-5 OK
r-oldrel-windows-ix86+x86_64 0.2-5 32.00 199.00 231.00 OK

Check Details

Version: 0.2-5
Check: Rd cross-references
Result: NOTE
    Undeclared packages ‘EnvStats’, ‘drc’, ‘zoo’, ‘prodlim’, ‘plyr’, ‘TRAMPR’, ‘raster’ in Rd xrefs
Flavor: r-devel-linux-x86_64-fedora-clang

Version: 0.2-5
Check: package dependencies
Result: NOTE
    Package suggested but not available for checking: 'car'
Flavor: r-devel-windows-x86_64-new-TK

Version: 0.2-5
Check: Rd cross-references
Result: NOTE
    Packages unavailable to check Rd xrefs: 'drc', 'car'
Flavor: r-devel-windows-x86_64-new-TK