Last updated on 2023-05-28 01:53:56 CEST.
Flavor | Version | Tinstall | Tcheck | Ttotal | Status | Flags |
---|---|---|---|---|---|---|
r-devel-linux-x86_64-debian-clang | 1.0.4 | 838.05 | 166.41 | 1004.46 | OK | |
r-devel-linux-x86_64-debian-gcc | 1.0.4 | 690.25 | 158.83 | 849.08 | OK | |
r-devel-linux-x86_64-fedora-clang | 1.0.4 | 1108.89 | NOTE | |||
r-devel-linux-x86_64-fedora-gcc | 1.0.4 | 1581.19 | NOTE | |||
r-devel-windows-x86_64 | 1.0.4 | 532.00 | 211.00 | 743.00 | NOTE | |
r-patched-linux-x86_64 | 1.0.4 | 641.24 | 201.78 | 843.02 | OK | |
r-release-linux-x86_64 | 1.0.4 | 540.63 | 198.92 | 739.55 | OK | |
r-release-macos-arm64 | 1.0.4 | 358.00 | NOTE | |||
r-release-macos-x86_64 | 1.0.3 | 562.00 | NOTE | |||
r-release-windows-x86_64 | 1.0.4 | 739.00 | 258.00 | 997.00 | NOTE | |
r-oldrel-macos-arm64 | 1.0.4 | 339.00 | NOTE | |||
r-oldrel-macos-x86_64 | 1.0.4 | 412.00 | NOTE | |||
r-oldrel-windows-x86_64 | 1.0.4 | 686.00 | 238.00 | 924.00 | NOTE |
Version: 1.0.4
Check: installed package size
Result: NOTE
installed size is 7.9Mb
sub-directories of 1Mb or more:
libs 6.8Mb
Flavors: r-devel-linux-x86_64-fedora-clang, r-devel-windows-x86_64, r-release-macos-arm64, r-release-windows-x86_64, r-oldrel-macos-arm64, r-oldrel-macos-x86_64, r-oldrel-windows-x86_64
Version: 1.0.4
Check: dependencies in R code
Result: NOTE
Namespaces in Imports field not imported from:
‘RcppParallel’ ‘rstantools’
All declared Imports should be used.
Flavors: r-devel-linux-x86_64-fedora-clang, r-devel-linux-x86_64-fedora-gcc
Version: 1.0.4
Check: for GNU extensions in Makefiles
Result: NOTE
GNU make is a SystemRequirements.
Flavors: r-devel-linux-x86_64-fedora-clang, r-devel-linux-x86_64-fedora-gcc, r-release-macos-arm64, r-oldrel-macos-arm64, r-oldrel-macos-x86_64
Version: 1.0.3
Check: installed package size
Result: NOTE
installed size is 103.5Mb
sub-directories of 1Mb or more:
libs 102.4Mb
Flavor: r-release-macos-x86_64
Version: 1.0.3
Check: for GNU extensions in Makefiles
Result: NOTE
GNU make is a SystemRequirements.
Flavor: r-release-macos-x86_64