Last updated on 2025-05-05 01:50:45 CEST.
Flavor | Version | Tinstall | Tcheck | Ttotal | Status | Flags |
---|---|---|---|---|---|---|
r-devel-linux-x86_64-debian-clang | 0.2.4 | 7.78 | 48.92 | 56.70 | NOTE | |
r-devel-linux-x86_64-debian-gcc | 0.2.4 | 4.78 | 35.84 | 40.62 | NOTE | |
r-devel-linux-x86_64-fedora-clang | 0.2.4 | 77.17 | OK | |||
r-devel-linux-x86_64-fedora-gcc | 0.2.4 | 79.93 | OK | |||
r-devel-windows-x86_64 | 0.2.4 | 11.00 | 65.00 | 76.00 | OK | |
r-patched-linux-x86_64 | 0.2.4 | 6.77 | 44.56 | 51.33 | OK | |
r-release-linux-x86_64 | 0.2.4 | 6.44 | 43.42 | 49.86 | OK | |
r-release-macos-arm64 | 0.2.4 | 40.00 | OK | |||
r-release-macos-x86_64 | 0.2.4 | 49.00 | OK | |||
r-release-windows-x86_64 | 0.2.4 | 12.00 | 66.00 | 78.00 | OK | |
r-oldrel-macos-arm64 | 0.2.4 | 30.00 | OK | |||
r-oldrel-macos-x86_64 | 0.2.4 | 40.00 | OK | |||
r-oldrel-windows-x86_64 | 0.2.4 | 13.00 | 80.00 | 93.00 | OK |
Version: 0.2.4
Check: CRAN incoming feasibility
Result: NOTE
Maintainer: ‘Carl Boettiger <cboettig@gmail.com>’
The Description field contains
<arXiv:1708.01242>.
Please refer to arXiv e-prints via their arXiv DOI <doi:10.48550/arXiv.YYMM.NNNNN>.
Flavors: r-devel-linux-x86_64-debian-clang, r-devel-linux-x86_64-debian-gcc