Last updated on 2024-08-16 01:48:17 CEST.
Flavor | Version | Tinstall | Tcheck | Ttotal | Status | Flags |
---|---|---|---|---|---|---|
r-devel-linux-x86_64-debian-clang | 1.3.0 | 482.39 | 26.86 | 509.25 | OK | |
r-devel-linux-x86_64-debian-gcc | 1.3.0 | 397.77 | 51.13 | 448.90 | OK | |
r-devel-linux-x86_64-fedora-clang | 1.3.0 | 738.28 | OK | |||
r-devel-linux-x86_64-fedora-gcc | 1.3.0 | 1173.79 | OK | |||
r-devel-windows-x86_64 | 1.3.0 | 419.00 | 103.00 | 522.00 | OK | |
r-patched-linux-x86_64 | 1.3.0 | 539.38 | 64.16 | 603.54 | OK | |
r-release-linux-x86_64 | 1.3.0 | 533.14 | 64.68 | 597.82 | OK | |
r-release-macos-arm64 | 1.3.0 | 223.00 | NOTE | |||
r-release-macos-x86_64 | 1.3.0 | 155.00 | NOTE | |||
r-release-windows-x86_64 | 1.3.0 | 432.00 | 98.00 | 530.00 | OK | |
r-oldrel-macos-arm64 | 1.3.0 | 211.00 | NOTE | |||
r-oldrel-macos-x86_64 | 1.3.0 | 228.00 | NOTE | |||
r-oldrel-windows-x86_64 | 1.3.0 | 556.00 | 117.00 | 673.00 | OK |
Version: 1.3.0
Check: installed package size
Result: NOTE
installed size is 162.9Mb
sub-directories of 1Mb or more:
libs 162.8Mb
Flavors: r-release-macos-arm64, r-release-macos-x86_64, r-oldrel-macos-arm64, r-oldrel-macos-x86_64