Last updated on 2025-05-19 01:49:52 CEST.
Flavor | Version | Tinstall | Tcheck | Ttotal | Status | Flags |
---|---|---|---|---|---|---|
r-devel-linux-x86_64-debian-clang | 0.5.0 | 402.36 | 259.32 | 661.68 | OK | |
r-devel-linux-x86_64-debian-gcc | 0.5.0 | 392.07 | 219.72 | 611.79 | OK | |
r-devel-linux-x86_64-fedora-clang | 0.5.0 | 1040.90 | OK | |||
r-devel-linux-x86_64-fedora-gcc | 0.5.0 | 1470.87 | OK | |||
r-devel-windows-x86_64 | 0.5.0 | 472.00 | 374.00 | 846.00 | OK | |
r-patched-linux-x86_64 | 0.5.0 | 480.93 | 300.29 | 781.22 | OK | |
r-release-linux-x86_64 | 0.5.0 | 513.39 | 294.50 | 807.89 | OK | |
r-release-macos-arm64 | 0.5.0 | 269.00 | OK | |||
r-release-macos-x86_64 | 0.5.0 | 533.00 | OK | |||
r-release-windows-x86_64 | 0.5.0 | 478.00 | 363.00 | 841.00 | OK | |
r-oldrel-macos-arm64 | 0.5.0 | 156.00 | NOTE | |||
r-oldrel-macos-x86_64 | 0.5.0 | 188.00 | NOTE | |||
r-oldrel-windows-x86_64 | 0.5.0 | 527.00 | 463.00 | 990.00 | NOTE |
Version: 0.5.0
Check: installed package size
Result: NOTE
installed size is 85.7Mb
sub-directories of 1Mb or more:
libs 84.5Mb
Flavors: r-oldrel-macos-arm64, r-oldrel-macos-x86_64, r-oldrel-windows-x86_64
Version: 0.5.0
Check: for GNU extensions in Makefiles
Result: NOTE
GNU make is a SystemRequirements.
Flavors: r-oldrel-macos-arm64, r-oldrel-macos-x86_64, r-oldrel-windows-x86_64