Last updated on 2024-04-18 01:55:13 CEST.
Flavor | Version | Tinstall | Tcheck | Ttotal | Status | Flags |
---|---|---|---|---|---|---|
r-devel-linux-x86_64-debian-clang | 0.5.0 | 570.41 | 341.22 | 911.63 | NOTE | |
r-devel-linux-x86_64-debian-gcc | 0.5.0 | 528.84 | 316.14 | 844.98 | NOTE | |
r-devel-linux-x86_64-fedora-clang | 0.5.0 | 1090.95 | NOTE | |||
r-devel-linux-x86_64-fedora-gcc | 0.5.0 | 1501.93 | NOTE | |||
r-prerel-macos-arm64 | 0.5.0 | 265.00 | NOTE | |||
r-prerel-windows-x86_64 | 0.5.0 | 430.00 | 354.00 | 784.00 | NOTE | |
r-patched-linux-x86_64 | 0.5.0 | 492.01 | 428.85 | 920.86 | NOTE | |
r-release-linux-x86_64 | 0.5.0 | 523.72 | 422.14 | 945.86 | NOTE | |
r-release-macos-arm64 | 0.5.0 | 299.00 | NOTE | |||
r-release-macos-x86_64 | 0.5.0 | 386.00 | NOTE | |||
r-release-windows-x86_64 | 0.5.0 | 541.00 | 449.00 | 990.00 | NOTE | |
r-oldrel-macos-arm64 | 0.5.0 | 298.00 | NOTE | |||
r-oldrel-windows-x86_64 | 0.5.0 | 525.00 | 426.00 | 951.00 | NOTE |
Version: 0.5.0
Check: for GNU extensions in Makefiles
Result: NOTE
GNU make is a SystemRequirements.
Flavors: r-devel-linux-x86_64-debian-clang, r-devel-linux-x86_64-debian-gcc, r-devel-linux-x86_64-fedora-clang, r-devel-linux-x86_64-fedora-gcc, r-prerel-macos-arm64, r-prerel-windows-x86_64, r-patched-linux-x86_64, r-release-linux-x86_64, r-release-macos-arm64, r-release-macos-x86_64, r-release-windows-x86_64, r-oldrel-macos-arm64, r-oldrel-windows-x86_64
Version: 0.5.0
Check: installed package size
Result: NOTE
installed size is 6.2Mb
sub-directories of 1Mb or more:
libs 5.0Mb
Flavors: r-devel-linux-x86_64-fedora-clang, r-prerel-macos-arm64, r-prerel-windows-x86_64, r-release-macos-arm64, r-release-macos-x86_64, r-release-windows-x86_64, r-oldrel-macos-arm64, r-oldrel-windows-x86_64