Last updated on 2025-04-30 01:50:18 CEST.
Flavor | Version | Tinstall | Tcheck | Ttotal | Status | Flags |
---|---|---|---|---|---|---|
r-devel-linux-x86_64-debian-clang | 0.7 | 7.12 | 172.41 | 179.53 | NOTE | |
r-devel-linux-x86_64-debian-gcc | 0.7 | 4.78 | 105.30 | 110.08 | NOTE | |
r-devel-linux-x86_64-fedora-clang | 0.7 | 313.70 | OK | |||
r-devel-linux-x86_64-fedora-gcc | 0.7 | 312.03 | OK | |||
r-devel-windows-x86_64 | 0.7 | 9.00 | 147.00 | 156.00 | OK | |
r-patched-linux-x86_64 | 0.7 | 6.61 | 161.76 | 168.37 | OK | |
r-release-linux-x86_64 | 0.7 | 6.93 | 162.89 | 169.82 | OK | |
r-release-macos-arm64 | 0.7 | 78.00 | OK | |||
r-release-macos-x86_64 | 0.7 | 145.00 | OK | |||
r-release-windows-x86_64 | 0.7 | 9.00 | 149.00 | 158.00 | OK | |
r-oldrel-macos-arm64 | 0.7 | 60.00 | OK | |||
r-oldrel-macos-x86_64 | 0.7 | 110.00 | OK | |||
r-oldrel-windows-x86_64 | 0.7 | 9.00 | 209.00 | 218.00 | OK |
Version: 0.7
Check: examples
Result: NOTE
Examples with CPU (user + system) or elapsed time > 5s
user system elapsed
enrichment 7.261 0.095 8.202
Flavor: r-devel-linux-x86_64-debian-clang
Version: 0.7
Check: examples
Result: NOTE
Examples with CPU (user + system) or elapsed time > 5s
user system elapsed
enrichment 3.823 0.071 5.635
Flavor: r-devel-linux-x86_64-debian-gcc