CRAN Package Check Results for Package EpiReport

Last updated on 2020-06-06 23:47:05 CEST.

Flavor Version Tinstall Tcheck Ttotal Status Flags
r-devel-linux-x86_64-debian-clang 0.1.1 6.41 69.23 75.64 OK
r-devel-linux-x86_64-debian-gcc 0.1.1 4.36 53.02 57.38 OK
r-devel-linux-x86_64-fedora-clang 0.1.1 96.49 NOTE
r-devel-linux-x86_64-fedora-gcc 0.1.1 84.34 NOTE
r-devel-windows-ix86+x86_64 0.1.1 19.00 107.00 126.00 OK
r-patched-linux-x86_64 0.1.1 4.94 64.73 69.67 OK
r-patched-solaris-x86 0.1.1 129.00 NOTE
r-release-linux-x86_64 0.1.1 6.06 67.14 73.20 OK
r-release-osx-x86_64 0.1.1 NOTE
r-release-windows-ix86+x86_64 0.1.1 15.00 99.00 114.00 OK
r-oldrel-osx-x86_64 0.1.1 NOTE
r-oldrel-windows-ix86+x86_64 0.1.1 12.00 101.00 113.00 OK

Check Details

Version: 0.1.1
Check: dependencies in R code
Result: NOTE
    Namespaces in Imports field not imported from:
     ‘extrafont’ ‘graphics’ ‘knitr’ ‘rmarkdown’ ‘utils’
     All declared Imports should be used.
Flavors: r-devel-linux-x86_64-fedora-clang, r-devel-linux-x86_64-fedora-gcc, r-patched-solaris-x86, r-release-osx-x86_64, r-oldrel-osx-x86_64