Last updated on 2024-04-19 01:58:41 CEST.
Flavor | Version | Tinstall | Tcheck | Ttotal | Status | Flags |
---|---|---|---|---|---|---|
r-devel-linux-x86_64-debian-clang | 1.0.1 | 109.37 | 48.75 | 158.12 | OK | |
r-devel-linux-x86_64-debian-gcc | 1.0.1 | 66.63 | 36.00 | 102.63 | OK | |
r-devel-linux-x86_64-fedora-clang | 1.0.1 | 211.57 | OK | |||
r-devel-linux-x86_64-fedora-gcc | 1.0.1 | 204.02 | OK | |||
r-prerel-macos-arm64 | 1.0.1 | 44.00 | OK | |||
r-prerel-macos-x86_64 | 1.0.1 | 60.00 | OK | |||
r-prerel-windows-x86_64 | 1.0.1 | 71.00 | 87.00 | 158.00 | OK | |
r-patched-linux-x86_64 | 1.0.1 | 87.15 | 45.64 | 132.79 | OK | |
r-release-linux-x86_64 | 1.0.1 | 87.20 | 46.52 | 133.72 | OK | |
r-release-macos-arm64 | 1.0.1 | 5.00 | ERROR | |||
r-release-macos-x86_64 | 1.0.1 | 90.00 | OK | |||
r-release-windows-x86_64 | 1.0.1 | 91.00 | 90.00 | 181.00 | OK | |
r-oldrel-macos-arm64 | 1.0.1 | 41.00 | OK | |||
r-oldrel-windows-x86_64 | 1.0.1 | 89.00 | 85.00 | 174.00 | OK |
Version: 1.0.1
Check: package dependencies
Result: ERROR
Package required but not available: ‘PSCBS’
See section ‘The DESCRIPTION file’ in the ‘Writing R Extensions’
manual.
Flavor: r-release-macos-arm64