Last updated on 2025-02-10 02:49:51 CET.
Flavor | Version | Tinstall | Tcheck | Ttotal | Status | Flags |
---|---|---|---|---|---|---|
r-devel-linux-x86_64-debian-clang | 4.0.0 | 10.51 | 210.16 | 220.67 | NOTE | |
r-devel-linux-x86_64-debian-gcc | 4.0.0 | 8.83 | 131.65 | 140.48 | ERROR | |
r-devel-linux-x86_64-fedora-clang | 4.0.0 | 346.25 | NOTE | |||
r-devel-linux-x86_64-fedora-gcc | 4.0.0 | 412.35 | NOTE | |||
r-devel-windows-x86_64 | 4.0.0 | 14.00 | 244.00 | 258.00 | NOTE | |
r-patched-linux-x86_64 | 4.0.0 | 15.33 | 194.58 | 209.91 | NOTE | |
r-release-linux-x86_64 | 4.0.0 | 10.31 | 196.42 | 206.73 | NOTE | |
r-release-macos-arm64 | 4.0.0 | 92.00 | NOTE | |||
r-release-macos-x86_64 | 4.0.0 | 165.00 | NOTE | |||
r-release-windows-x86_64 | 4.0.0 | 14.00 | 243.00 | 257.00 | NOTE | |
r-oldrel-macos-arm64 | 4.0.0 | 117.00 | OK | |||
r-oldrel-macos-x86_64 | 4.0.0 | 182.00 | OK | |||
r-oldrel-windows-x86_64 | 4.0.0 | 16.00 | 324.00 | 340.00 | OK |
Version: 4.0.0
Check: Rd files
Result: NOTE
checkRd: (-1) integration.Rd:37-38: Lost braces in \itemize; meant \describe ?
checkRd: (-1) integration.Rd:39: Lost braces in \itemize; meant \describe ?
checkRd: (-1) integration.Rd:40: Lost braces in \itemize; meant \describe ?
checkRd: (-1) integration.Rd:41-42: Lost braces in \itemize; meant \describe ?
checkRd: (-1) loess.options.Rd:25-26: Lost braces in \itemize; meant \describe ?
checkRd: (-1) loess.options.Rd:27-28: Lost braces in \itemize; meant \describe ?
checkRd: (-1) maxlogLreg.Rd:138: Lost braces; missing escapes or markup?
138 | $j^{th}$ for all the observations.
| ^
Flavors: r-devel-linux-x86_64-debian-clang, r-devel-linux-x86_64-debian-gcc, r-devel-linux-x86_64-fedora-clang, r-devel-linux-x86_64-fedora-gcc, r-devel-windows-x86_64, r-patched-linux-x86_64, r-release-linux-x86_64, r-release-macos-arm64, r-release-macos-x86_64, r-release-windows-x86_64
Version: 4.0.0
Check: Rd cross-references
Result: NOTE
Found the following Rd file(s) with Rd \link{} targets missing package
anchors:
maxlogL.Rd: DEoptim
maxlogLreg.Rd: DEoptim, DEoptim.control
Please provide package anchors for all Rd \link{} targets not in the
package itself and the base packages.
Flavors: r-devel-linux-x86_64-debian-clang, r-devel-linux-x86_64-debian-gcc, r-devel-windows-x86_64
Version: 4.0.0
Check: re-building of vignette outputs
Result: ERROR
Error(s) in re-building vignettes:
...
--- re-building ‘Bootstrap_implementation.Rmd’ using rmarkdown
--- finished re-building ‘Bootstrap_implementation.Rmd’
--- re-building ‘Examples.Rmd’ using rmarkdown
Quitting from lines 30-41 [unnamed-chunk-1] (Examples.Rmd)
Error: processing vignette 'Examples.Rmd' failed with diagnostics:
cannot open the connection
--- failed re-building ‘Examples.Rmd’
SUMMARY: processing the following file failed:
‘Examples.Rmd’
Error: Vignette re-building failed.
Execution halted
Flavor: r-devel-linux-x86_64-debian-gcc