CRAN Package Check Results for Package EvaluationMeasures

Last updated on 2025-05-22 01:50:55 CEST.

Flavor Version Tinstall Tcheck Ttotal Status Flags
r-devel-linux-x86_64-debian-clang 1.1.0 1.91 19.57 21.48 OK
r-devel-linux-x86_64-debian-gcc 1.1.0 1.61 15.20 16.81 OK
r-devel-linux-x86_64-fedora-clang 1.1.0 33.20 OK
r-devel-linux-x86_64-fedora-gcc 1.1.0 33.49 OK
r-devel-windows-x86_64 1.1.0 4.00 40.00 44.00 OK
r-patched-linux-x86_64 1.1.0 2.25 18.53 20.78 OK
r-release-linux-x86_64 1.1.0 1.93 18.74 20.67 OK
r-release-macos-arm64 1.1.0 16.00 OK
r-release-macos-x86_64 1.1.0 24.00 OK
r-release-windows-x86_64 1.1.0 5.00 41.00 46.00 OK
r-oldrel-macos-arm64 1.1.0 14.00 NOTE
r-oldrel-macos-x86_64 1.1.0 20.00 NOTE
r-oldrel-windows-x86_64 1.1.0 3.00 40.00 43.00 NOTE

Check Details

Version: 1.1.0
Check: LazyData
Result: NOTE 'LazyData' is specified without a 'data' directory Flavors: r-oldrel-macos-arm64, r-oldrel-macos-x86_64, r-oldrel-windows-x86_64