CRAN Package Check Results for Package EventStudy

Last updated on 2022-01-20 01:50:35 CET.

Flavor Version Tinstall Tcheck Ttotal Status Flags
r-devel-linux-x86_64-debian-clang 0.37 OK
r-devel-linux-x86_64-debian-gcc 0.37 12.94 78.59 91.53 OK
r-devel-linux-x86_64-fedora-clang 0.37 143.00 NOTE
r-devel-linux-x86_64-fedora-gcc 0.37 126.16 NOTE
r-devel-windows-x86_64-new-UL 0.37 120.00 148.00 268.00 NOTE
r-devel-windows-x86_64-new-TK 0.37 NOTE
r-patched-linux-x86_64 0.37 13.38 89.45 102.83 OK
r-release-linux-x86_64 0.37 OK
r-release-macos-arm64 0.37 NOTE
r-release-macos-x86_64 0.37 NOTE
r-release-windows-ix86+x86_64 0.37 32.00 110.00 142.00 NOTE
r-oldrel-macos-x86_64 0.37 NOTE
r-oldrel-windows-ix86+x86_64 0.37 32.00 113.00 145.00 NOTE

Check Details

Version: 0.37
Check: installed package size
Result: NOTE
     installed size is 6.7Mb
     sub-directories of 1Mb or more:
     doc 5.8Mb
Flavors: r-devel-linux-x86_64-fedora-clang, r-devel-windows-x86_64-new-UL, r-release-macos-arm64, r-release-macos-x86_64, r-release-windows-ix86+x86_64, r-oldrel-macos-x86_64, r-oldrel-windows-ix86+x86_64

Version: 0.37
Check: dependencies in R code
Result: NOTE
    Namespaces in Imports field not imported from:
     ‘curl’ ‘openxlsx’ ‘stringr’
     All declared Imports should be used.
Flavors: r-devel-linux-x86_64-fedora-clang, r-devel-linux-x86_64-fedora-gcc, r-devel-windows-x86_64-new-TK, r-release-macos-arm64, r-release-macos-x86_64, r-oldrel-macos-x86_64

Version: 0.37
Check: Rd cross-references
Result: NOTE
    Undeclared package ‘R6’ in Rd xrefs
Flavor: r-devel-linux-x86_64-fedora-clang