Last updated on 2025-04-17 01:51:20 CEST.
Flavor | Version | Tinstall | Tcheck | Ttotal | Status | Flags |
---|---|---|---|---|---|---|
r-devel-linux-x86_64-debian-clang | 1.0.1 | 35.22 | 23.44 | 58.66 | NOTE | |
r-devel-linux-x86_64-debian-gcc | 1.0.1 | 25.29 | 18.98 | 44.27 | NOTE | |
r-devel-linux-x86_64-fedora-clang | 1.0.1 | 120.75 | NOTE | |||
r-devel-linux-x86_64-fedora-gcc | 1.0.1 | 103.55 | NOTE | |||
r-devel-windows-x86_64 | 1.0.1 | 43.00 | 63.00 | 106.00 | NOTE | |
r-patched-linux-x86_64 | 1.0.1 | 35.40 | 23.67 | 59.07 | NOTE | |
r-release-linux-x86_64 | 1.0.1 | 31.94 | 23.14 | 55.08 | NOTE | |
r-release-macos-arm64 | 1.0.1 | 32.00 | NOTE | |||
r-release-macos-x86_64 | 1.0.1 | 38.00 | NOTE | |||
r-release-windows-x86_64 | 1.0.1 | 44.00 | 63.00 | 107.00 | NOTE | |
r-oldrel-macos-arm64 | 1.0.1 | 31.00 | NOTE | |||
r-oldrel-macos-x86_64 | 1.0.1 | 44.00 | NOTE | |||
r-oldrel-windows-x86_64 | 1.0.1 | 50.00 | 72.00 | 122.00 | NOTE |
Version: 1.0.1
Check: C++ specification
Result: NOTE
Specified C++11: please drop specification unless essential
Flavors: r-devel-linux-x86_64-debian-clang, r-devel-linux-x86_64-debian-gcc, r-devel-linux-x86_64-fedora-clang, r-devel-linux-x86_64-fedora-gcc, r-devel-windows-x86_64, r-patched-linux-x86_64, r-release-linux-x86_64, r-release-macos-arm64, r-release-macos-x86_64, r-release-windows-x86_64, r-oldrel-macos-arm64, r-oldrel-macos-x86_64, r-oldrel-windows-x86_64