Last updated on 2025-10-31 01:48:56 CET.
| Flavor | Version | Tinstall | Tcheck | Ttotal | Status | Flags | 
|---|---|---|---|---|---|---|
| r-devel-linux-x86_64-debian-clang | 1.2.2 | 19.53 | 98.65 | 118.18 | NOTE | |
| r-devel-linux-x86_64-debian-gcc | 1.2.2 | 11.79 | 66.21 | 78.00 | NOTE | |
| r-devel-linux-x86_64-fedora-clang | 1.2.2 | 48.00 | 143.16 | 191.16 | NOTE | |
| r-devel-linux-x86_64-fedora-gcc | 1.2.2 | 54.00 | 124.62 | 178.62 | NOTE | |
| r-devel-windows-x86_64 | 1.2.2 | 17.00 | 100.00 | 117.00 | NOTE | |
| r-patched-linux-x86_64 | 1.2.2 | 20.85 | 91.65 | 112.50 | NOTE | |
| r-release-linux-x86_64 | 1.2.2 | 19.04 | 91.44 | 110.48 | NOTE | |
| r-release-macos-arm64 | 1.2.2 | 8.00 | 34.00 | 42.00 | NOTE | |
| r-release-macos-x86_64 | 1.2.2 | 24.00 | 92.00 | 116.00 | NOTE | |
| r-release-windows-x86_64 | 1.2.2 | 17.00 | 100.00 | 117.00 | NOTE | |
| r-oldrel-macos-arm64 | 1.2.2 | 7.00 | 34.00 | 41.00 | NOTE | |
| r-oldrel-macos-x86_64 | 1.2.2 | 24.00 | 82.00 | 106.00 | NOTE | |
| r-oldrel-windows-x86_64 | 1.2.2 | 18.00 | 100.00 | 118.00 | NOTE | 
Version: 1.2.2
Check: CRAN incoming feasibility
Result: NOTE
  Maintainer: ‘Eric Batista Ferreira <eric.ferreira@unifal-mg.edu.br>’
  
  No Authors@R field in DESCRIPTION.
  Please add one, modifying
    Authors@R: c(person(given = c("Eric", "Batista"),
                        family = "Ferreira",
                        role = c("aut", "cre"),
                        email = "eric.ferreira@unifal-mg.edu.br"),
                 person(given = c("Portya", "Piscitelli"),
                        family = "Cavalcanti",
                        role = "aut"),
                 person(given = c("Denismar", "Alves"),
                        family = "Nogueira",
                        role = "aut"))
  as necessary.
Flavors: r-devel-linux-x86_64-debian-clang, r-devel-linux-x86_64-debian-gcc
Version: 1.2.2
Check: Rd files
Result: NOTE
  checkRd: (-1) ccF.Rd:5: Escaped LaTeX specials: \&
  checkRd: (-1) ccF.Rd:32: Escaped LaTeX specials: \&
  checkRd: (-1) ccF.Rd:29: Escaped LaTeX specials: \&
  checkRd: (-1) ccF.Rd:42: Lost braces
      42 | CALI\'{N}SKI, T.; CORSTEN, L. C. A. Clustering
         |       ^
Flavors: r-devel-linux-x86_64-debian-clang, r-devel-linux-x86_64-debian-gcc, r-devel-linux-x86_64-fedora-clang, r-devel-linux-x86_64-fedora-gcc, r-devel-windows-x86_64, r-patched-linux-x86_64, r-release-linux-x86_64, r-release-macos-arm64, r-release-macos-x86_64, r-release-windows-x86_64, r-oldrel-macos-arm64, r-oldrel-macos-x86_64, r-oldrel-windows-x86_64