Last updated on 2025-04-30 01:50:18 CEST.
Flavor | Version | Tinstall | Tcheck | Ttotal | Status | Flags |
---|---|---|---|---|---|---|
r-devel-linux-x86_64-debian-clang | 1.2 | 2.25 | 45.66 | 47.91 | NOTE | |
r-devel-linux-x86_64-debian-gcc | 1.2 | 1.78 | 31.02 | 32.80 | NOTE | |
r-devel-linux-x86_64-fedora-clang | 1.2 | 78.00 | OK | |||
r-devel-linux-x86_64-fedora-gcc | 1.2 | 88.51 | OK | |||
r-devel-windows-x86_64 | 1.2 | 4.00 | 58.00 | 62.00 | OK | |
r-patched-linux-x86_64 | 1.2 | 2.31 | 43.37 | 45.68 | OK | |
r-release-linux-x86_64 | 1.2 | 2.33 | 43.87 | 46.20 | OK | |
r-release-macos-arm64 | 1.2 | 30.00 | OK | |||
r-release-macos-x86_64 | 1.2 | 69.00 | OK | |||
r-release-windows-x86_64 | 1.2 | 3.00 | 62.00 | 65.00 | OK | |
r-oldrel-macos-arm64 | 1.2 | 33.00 | OK | |||
r-oldrel-macos-x86_64 | 1.2 | 72.00 | OK | |||
r-oldrel-windows-x86_64 | 1.2 | 4.00 | 72.00 | 76.00 | OK |
Version: 1.2
Check: examples
Result: NOTE
Examples with CPU (user + system) or elapsed time > 5s
user system elapsed
modeling 7.192 0.095 8.72
Flavor: r-devel-linux-x86_64-debian-clang
Version: 1.2
Check: examples
Result: NOTE
Examples with CPU (user + system) or elapsed time > 5s
user system elapsed
modeling 4.246 0.094 5.315
Flavor: r-devel-linux-x86_64-debian-gcc