Last updated on 2025-05-06 02:50:18 CEST.
Flavor | Version | Tinstall | Tcheck | Ttotal | Status | Flags |
---|---|---|---|---|---|---|
r-devel-linux-x86_64-debian-clang | 2.4 | 2.02 | 20.56 | 22.58 | NOTE | |
r-devel-linux-x86_64-debian-gcc | 2.4 | 1.60 | 16.40 | 18.00 | NOTE | |
r-devel-linux-x86_64-fedora-clang | 2.4 | 34.89 | OK | |||
r-devel-linux-x86_64-fedora-gcc | 2.4 | 32.99 | OK | |||
r-devel-windows-x86_64 | 2.4 | 3.00 | 41.00 | 44.00 | OK | |
r-patched-linux-x86_64 | 2.4 | 2.53 | 19.54 | 22.07 | OK | |
r-release-linux-x86_64 | 2.4 | 1.93 | 19.49 | 21.42 | OK | |
r-release-macos-arm64 | 2.4 | 16.00 | OK | |||
r-release-macos-x86_64 | 2.4 | 24.00 | OK | |||
r-release-windows-x86_64 | 2.4 | 3.00 | 42.00 | 45.00 | OK | |
r-oldrel-macos-arm64 | 2.4 | 14.00 | OK | |||
r-oldrel-macos-x86_64 | 2.4 | 21.00 | OK | |||
r-oldrel-windows-x86_64 | 2.4 | 3.00 | 41.00 | 44.00 | OK |
Version: 2.4
Check: CRAN incoming feasibility
Result: NOTE
Maintainer: ‘Thomas Petzoldt <thomas.petzoldt@tu-dresden.de>’
No Authors@R field in DESCRIPTION.
Please add one, modifying
Authors@R: c(person(given = "Francois",
family = "Aucoin",
role = "aut"),
person(given = "Thomas",
family = "Petzoldt",
role = "cre",
email = "thomas.petzoldt@tu-dresden.de"))
as necessary.
Flavors: r-devel-linux-x86_64-debian-clang, r-devel-linux-x86_64-debian-gcc