CRAN Package Check Results for Package FD

Last updated on 2022-08-16 02:51:37 CEST.

Flavor Version Tinstall Tcheck Ttotal Status Flags
r-devel-linux-x86_64-debian-clang 1.0-12.1 12.74 108.43 121.17 NOTE
r-devel-linux-x86_64-debian-gcc 1.0-12.1 9.05 82.25 91.30 NOTE
r-devel-linux-x86_64-fedora-clang 1.0-12.1 150.08 NOTE
r-devel-linux-x86_64-fedora-gcc 1.0-12.1 159.02 NOTE
r-devel-windows-x86_64 1.0-12.1 18.00 125.00 143.00 OK
r-patched-linux-x86_64 1.0-12.1 10.31 102.10 112.41 NOTE
r-release-linux-x86_64 1.0-12.1 13.04 103.54 116.58 NOTE
r-release-macos-arm64 1.0-12.1 43.00 OK
r-release-macos-x86_64 1.0-12.1 69.00 OK
r-release-windows-x86_64 1.0-12.1 21.00 131.00 152.00 OK
r-oldrel-macos-arm64 1.0-12.1 42.00 OK
r-oldrel-macos-x86_64 1.0-12.1 59.00 OK
r-oldrel-windows-ix86+x86_64 1.0-12.1 27.00 180.00 207.00 OK

Check Details

Version: 1.0-12.1
Check: for non-standard things in the check directory
Result: NOTE
    Found the following files/directories:
     'vert.txt'
Flavors: r-devel-linux-x86_64-debian-clang, r-devel-linux-x86_64-debian-gcc, r-devel-linux-x86_64-fedora-clang, r-devel-linux-x86_64-fedora-gcc, r-patched-linux-x86_64, r-release-linux-x86_64

Version: 1.0-12.1
Check: compiled code
Result: NOTE
    File ‘FD/libs/FD.so’:
     Found no calls to: ‘R_registerRoutines’, ‘R_useDynamicSymbols’
    
    It is good practice to register native routines and to disable symbol
    search.
    
    See ‘Writing portable packages’ in the ‘Writing R Extensions’ manual.
Flavors: r-devel-linux-x86_64-fedora-clang, r-devel-linux-x86_64-fedora-gcc