Last updated on 2024-04-19 01:58:42 CEST.
Flavor | Version | Tinstall | Tcheck | Ttotal | Status | Flags |
---|---|---|---|---|---|---|
r-devel-linux-x86_64-debian-clang | 1.1.2 | 7.49 | 79.15 | 86.64 | NOTE | |
r-devel-linux-x86_64-debian-gcc | 1.1.2 | 7.14 | 58.05 | 65.19 | NOTE | |
r-devel-linux-x86_64-fedora-clang | 1.1.2 | 105.99 | NOTE | |||
r-devel-linux-x86_64-fedora-gcc | 1.1.2 | 102.94 | NOTE | |||
r-prerel-macos-arm64 | 1.1.2 | 32.00 | NOTE | |||
r-prerel-windows-x86_64 | 1.1.2 | 8.00 | 81.00 | 89.00 | NOTE | |
r-patched-linux-x86_64 | 1.1.2 | 8.02 | 72.68 | 80.70 | NOTE | |
r-release-linux-x86_64 | 1.1.2 | 9.42 | 77.07 | 86.49 | NOTE | |
r-release-macos-arm64 | 1.1.2 | 37.00 | NOTE | |||
r-release-macos-x86_64 | 1.1.2 | 58.00 | NOTE | |||
r-release-windows-x86_64 | 1.1.2 | 11.00 | 93.00 | 104.00 | NOTE | |
r-oldrel-macos-arm64 | 1.1.2 | 28.00 | NOTE | |||
r-oldrel-windows-x86_64 | 1.1.2 | 10.00 | 91.00 | 101.00 | NOTE |
Version: 1.1.2
Check: LazyData
Result: NOTE
'LazyData' is specified without a 'data' directory
Flavors: r-devel-linux-x86_64-debian-clang, r-devel-linux-x86_64-debian-gcc, r-devel-linux-x86_64-fedora-clang, r-devel-linux-x86_64-fedora-gcc, r-prerel-macos-arm64, r-prerel-windows-x86_64, r-patched-linux-x86_64, r-release-linux-x86_64, r-release-macos-arm64, r-release-macos-x86_64, r-release-windows-x86_64, r-oldrel-macos-arm64, r-oldrel-windows-x86_64