CRAN Package Check Results for Package FLR

Last updated on 2022-06-30 01:49:08 CEST.

Flavor Version Tinstall Tcheck Ttotal Status Flags
r-devel-linux-x86_64-debian-clang 1.0 2.70 25.47 28.17 NOTE
r-devel-linux-x86_64-debian-gcc 1.0 1.91 19.64 21.55 NOTE
r-devel-linux-x86_64-fedora-clang 1.0 43.81 NOTE
r-devel-linux-x86_64-fedora-gcc 1.0 43.22 NOTE
r-devel-windows-x86_64 1.0 13.00 51.00 64.00 NOTE
r-patched-linux-x86_64 1.0 2.82 23.90 26.72 NOTE
r-release-linux-x86_64 1.0 2.76 24.23 26.99 NOTE
r-release-macos-arm64 1.0 17.00 NOTE
r-release-macos-x86_64 1.0 22.00 NOTE
r-release-windows-x86_64 1.0 6.00 50.00 56.00 NOTE
r-oldrel-macos-arm64 1.0 21.00 NOTE
r-oldrel-macos-x86_64 1.0 25.00 NOTE
r-oldrel-windows-ix86+x86_64 1.0 5.00 42.00 47.00 NOTE

Check Details

Version: 1.0
Check: DESCRIPTION meta-information
Result: NOTE
    Malformed Description field: should contain one or more complete sentences.
Flavors: r-devel-linux-x86_64-debian-clang, r-devel-linux-x86_64-debian-gcc, r-devel-linux-x86_64-fedora-clang, r-devel-linux-x86_64-fedora-gcc, r-devel-windows-x86_64, r-patched-linux-x86_64, r-release-linux-x86_64, r-release-macos-arm64, r-release-macos-x86_64, r-release-windows-x86_64, r-oldrel-macos-arm64, r-oldrel-macos-x86_64, r-oldrel-windows-ix86+x86_64